{"id":354,"date":"2020-05-29T09:37:58","date_gmt":"2020-05-29T07:37:58","guid":{"rendered":"https:\/\/grand-angle.lavenir.net\/welcome-to-my-garden\/?page_id=354"},"modified":"2020-05-29T10:50:56","modified_gmt":"2020-05-29T08:50:56","slug":"welcome-to-my-garden-le-camping-gratuit-chez-lhabitant","status":"publish","type":"page","link":"https:\/\/grand-angle.lavenir.net\/welcome-to-my-garden\/","title":{"rendered":"Welcome to my garden : le camping gratuit chez l\u2019habitant"},"content":{"rendered":"","protected":false},"excerpt":{"rendered":"","protected":false},"author":1,"featured_media":0,"parent":0,"menu_order":0,"comment_status":"closed","ping_status":"closed","template":"","meta":{"footnotes":""},"class_list":["post-354","page","type-page","status-publish","hentry"],"yoast_head":"<!-- This site is optimized with the Yoast SEO plugin v27.1.1 - https:\/\/yoast.com\/product\/yoast-seo-wordpress\/ -->\n<title>Welcome to my garden : le camping gratuit chez l\u2019habitant - Welcome to my garden<\/title>\n<meta name=\"description\" content=\"Lanc\u00e9e en mai, la communaut\u00e9 Welcome to my garden rencontre un grand succ\u00e8s. Le principe\u2009? Proposer son jardin \u00e0 des campeurs d\u2019un jour. Un des concepteurs raconte.\" \/>\n<meta name=\"robots\" content=\"index, follow, max-snippet:-1, max-image-preview:large, max-video-preview:-1\" \/>\n<link rel=\"canonical\" href=\"https:\/\/grand-angle.lavenir.net\/welcome-to-my-garden\/\" \/>\n<meta property=\"og:locale\" content=\"fr_FR\" \/>\n<meta property=\"og:type\" content=\"article\" \/>\n<meta property=\"og:title\" content=\"Welcome to my garden : le camping gratuit chez l\u2019habitant\" \/>\n<meta property=\"og:description\" content=\"Lanc\u00e9e en mai, la communaut\u00e9 Welcome to my garden rencontre un grand succ\u00e8s. Le principe\u2009? Proposer son jardin \u00e0 des campeurs d\u2019un jour. Un des concepteurs raconte.\" \/>\n<meta property=\"og:url\" content=\"https:\/\/grand-angle.lavenir.net\/welcome-to-my-garden\/\" \/>\n<meta property=\"og:site_name\" content=\"Welcome to my garden\" \/>\n<meta property=\"article:modified_time\" content=\"2020-05-29T08:50:56+00:00\" \/>\n<meta property=\"og:image\" content=\"https:\/\/grand-angle.lavenir.net\/welcome-to-my-garden\/wp-content\/uploads\/sites\/113\/2020\/05\/AdobeStock_118613472.jpg\" \/>\n\t<meta property=\"og:image:width\" content=\"2000\" \/>\n\t<meta property=\"og:image:height\" content=\"1333\" \/>\n\t<meta property=\"og:image:type\" content=\"image\/jpeg\" \/>\n<meta name=\"twitter:card\" content=\"summary_large_image\" \/>\n<script type=\"application\/ld+json\" class=\"yoast-schema-graph\">{\"@context\":\"https:\/\/schema.org\",\"@graph\":[{\"@type\":\"WebPage\",\"@id\":\"https:\/\/grand-angle.lavenir.net\/welcome-to-my-garden\/\",\"url\":\"https:\/\/grand-angle.lavenir.net\/welcome-to-my-garden\/\",\"name\":\"Welcome to my garden : le camping gratuit chez l\u2019habitant - Welcome to my garden\",\"isPartOf\":{\"@id\":\"https:\/\/grand-angle.lavenir.net\/welcome-to-my-garden\/#website\"},\"datePublished\":\"2020-05-29T07:37:58+00:00\",\"dateModified\":\"2020-05-29T08:50:56+00:00\",\"description\":\"Lanc\u00e9e en mai, la communaut\u00e9 Welcome to my garden rencontre un grand succ\u00e8s. Le principe\u2009? Proposer son jardin \u00e0 des campeurs d\u2019un jour. Un des concepteurs raconte.\",\"breadcrumb\":{\"@id\":\"https:\/\/grand-angle.lavenir.net\/welcome-to-my-garden\/#breadcrumb\"},\"inLanguage\":\"fr-BE\",\"potentialAction\":[{\"@type\":\"ReadAction\",\"target\":[\"https:\/\/grand-angle.lavenir.net\/welcome-to-my-garden\/\"]}]},{\"@type\":\"BreadcrumbList\",\"@id\":\"https:\/\/grand-angle.lavenir.net\/welcome-to-my-garden\/#breadcrumb\",\"itemListElement\":[{\"@type\":\"ListItem\",\"position\":1,\"name\":\"Home\",\"item\":\"https:\/\/grand-angle.lavenir.net\/welcome-to-my-garden\/\"},{\"@type\":\"ListItem\",\"position\":2,\"name\":\"Welcome to my garden : le camping gratuit chez l\u2019habitant\"}]},{\"@type\":\"WebSite\",\"@id\":\"https:\/\/grand-angle.lavenir.net\/welcome-to-my-garden\/#website\",\"url\":\"https:\/\/grand-angle.lavenir.net\/welcome-to-my-garden\/\",\"name\":\"Welcome to my garden\",\"description\":\"Ces nouveaux bourgmestres racontent 1 an au pouvoir\",\"potentialAction\":[{\"@type\":\"SearchAction\",\"target\":{\"@type\":\"EntryPoint\",\"urlTemplate\":\"https:\/\/grand-angle.lavenir.net\/welcome-to-my-garden\/?s={search_term_string}\"},\"query-input\":{\"@type\":\"PropertyValueSpecification\",\"valueRequired\":true,\"valueName\":\"search_term_string\"}}],\"inLanguage\":\"fr-BE\"}]}<\/script>\n<!-- \/ Yoast SEO plugin. -->","yoast_head_json":{"title":"Welcome to my garden : le camping gratuit chez l\u2019habitant - Welcome to my garden","description":"Lanc\u00e9e en mai, la communaut\u00e9 Welcome to my garden rencontre un grand succ\u00e8s. Le principe\u2009? Proposer son jardin \u00e0 des campeurs d\u2019un jour. Un des concepteurs raconte.","robots":{"index":"index","follow":"follow","max-snippet":"max-snippet:-1","max-image-preview":"max-image-preview:large","max-video-preview":"max-video-preview:-1"},"canonical":"https:\/\/grand-angle.lavenir.net\/welcome-to-my-garden\/","og_locale":"fr_FR","og_type":"article","og_title":"Welcome to my garden : le camping gratuit chez l\u2019habitant","og_description":"Lanc\u00e9e en mai, la communaut\u00e9 Welcome to my garden rencontre un grand succ\u00e8s. Le principe\u2009? Proposer son jardin \u00e0 des campeurs d\u2019un jour. Un des concepteurs raconte.","og_url":"https:\/\/grand-angle.lavenir.net\/welcome-to-my-garden\/","og_site_name":"Welcome to my garden","article_modified_time":"2020-05-29T08:50:56+00:00","og_image":[{"width":2000,"height":1333,"url":"https:\/\/grand-angle.lavenir.net\/welcome-to-my-garden\/wp-content\/uploads\/sites\/113\/2020\/05\/AdobeStock_118613472.jpg","type":"image\/jpeg"}],"twitter_card":"summary_large_image","schema":{"@context":"https:\/\/schema.org","@graph":[{"@type":"WebPage","@id":"https:\/\/grand-angle.lavenir.net\/welcome-to-my-garden\/","url":"https:\/\/grand-angle.lavenir.net\/welcome-to-my-garden\/","name":"Welcome to my garden : le camping gratuit chez l\u2019habitant - Welcome to my garden","isPartOf":{"@id":"https:\/\/grand-angle.lavenir.net\/welcome-to-my-garden\/#website"},"datePublished":"2020-05-29T07:37:58+00:00","dateModified":"2020-05-29T08:50:56+00:00","description":"Lanc\u00e9e en mai, la communaut\u00e9 Welcome to my garden rencontre un grand succ\u00e8s. Le principe\u2009? Proposer son jardin \u00e0 des campeurs d\u2019un jour. Un des concepteurs raconte.","breadcrumb":{"@id":"https:\/\/grand-angle.lavenir.net\/welcome-to-my-garden\/#breadcrumb"},"inLanguage":"fr-BE","potentialAction":[{"@type":"ReadAction","target":["https:\/\/grand-angle.lavenir.net\/welcome-to-my-garden\/"]}]},{"@type":"BreadcrumbList","@id":"https:\/\/grand-angle.lavenir.net\/welcome-to-my-garden\/#breadcrumb","itemListElement":[{"@type":"ListItem","position":1,"name":"Home","item":"https:\/\/grand-angle.lavenir.net\/welcome-to-my-garden\/"},{"@type":"ListItem","position":2,"name":"Welcome to my garden : le camping gratuit chez l\u2019habitant"}]},{"@type":"WebSite","@id":"https:\/\/grand-angle.lavenir.net\/welcome-to-my-garden\/#website","url":"https:\/\/grand-angle.lavenir.net\/welcome-to-my-garden\/","name":"Welcome to my garden","description":"Ces nouveaux bourgmestres racontent 1 an au pouvoir","potentialAction":[{"@type":"SearchAction","target":{"@type":"EntryPoint","urlTemplate":"https:\/\/grand-angle.lavenir.net\/welcome-to-my-garden\/?s={search_term_string}"},"query-input":{"@type":"PropertyValueSpecification","valueRequired":true,"valueName":"search_term_string"}}],"inLanguage":"fr-BE"}]}},"_links":{"self":[{"href":"https:\/\/grand-angle.lavenir.net\/welcome-to-my-garden\/wp-json\/wp\/v2\/pages\/354","targetHints":{"allow":["GET"]}}],"collection":[{"href":"https:\/\/grand-angle.lavenir.net\/welcome-to-my-garden\/wp-json\/wp\/v2\/pages"}],"about":[{"href":"https:\/\/grand-angle.lavenir.net\/welcome-to-my-garden\/wp-json\/wp\/v2\/types\/page"}],"author":[{"embeddable":true,"href":"https:\/\/grand-angle.lavenir.net\/welcome-to-my-garden\/wp-json\/wp\/v2\/users\/1"}],"replies":[{"embeddable":true,"href":"https:\/\/grand-angle.lavenir.net\/welcome-to-my-garden\/wp-json\/wp\/v2\/comments?post=354"}],"version-history":[{"count":0,"href":"https:\/\/grand-angle.lavenir.net\/welcome-to-my-garden\/wp-json\/wp\/v2\/pages\/354\/revisions"}],"wp:attachment":[{"href":"https:\/\/grand-angle.lavenir.net\/welcome-to-my-garden\/wp-json\/wp\/v2\/media?parent=354"}],"curies":[{"name":"wp","href":"https:\/\/api.w.org\/{rel}","templated":true}]}}