{"id":344,"date":"2020-05-29T09:04:21","date_gmt":"2020-05-29T07:04:21","guid":{"rendered":"https:\/\/grand-angle.lavenir.net\/welcome-to-my-garden\/?page_id=344"},"modified":"2020-05-29T09:08:21","modified_gmt":"2020-05-29T07:08:21","slug":"a-chaumont-gistoux-pas-de-toilette-mais-un-hamac","status":"publish","type":"page","link":"https:\/\/grand-angle.lavenir.net\/welcome-to-my-garden\/a-chaumont-gistoux-pas-de-toilette-mais-un-hamac\/","title":{"rendered":"\u00c0 Chaumont-Gistoux, pas de toilette mais un hamac"},"content":{"rendered":"<p><div class=\"fusion-fullwidth fullwidth-box fusion-builder-row-1 nonhundred-percent-fullwidth hundred-percent-height hundred-percent-height-center-content non-hundred-percent-height-scrolling\" style=\"--awb-border-radius-top-left:0px;--awb-border-radius-top-right:0px;--awb-border-radius-bottom-right:0px;--awb-border-radius-bottom-left:0px;--awb-background-color:#f2f2f2;--awb-flex-wrap:wrap;\" ><div class=\"fusion-fullwidth-center-content\"><div class=\"fusion-builder-row fusion-row\"><div class=\"fusion-layout-column fusion_builder_column fusion-builder-column-0 fusion_builder_column_1_1 1_1 fusion-one-full fusion-column-first fusion-column-last\" style=\"--awb-bg-size:cover;\"><div class=\"fusion-column-wrapper fusion-column-has-shadow fusion-flex-column-wrapper-legacy\"><div class=\"fusion-text fusion-text-1\"><h6>\u00a0Il n\u2019est pas n\u00e9cessaire d\u2019avoir un grand jardin pour accueillir les campeurs\u00a0 d\u2019un jour.<\/h6>\n<h6>Dieter n\u2019a seulement que quelques m\u00e8tres d\u2019herbe \u00e0 offrir et il s\u2019est lanc\u00e9.<\/h6>\n<\/div><div class=\"fusion-clearfix\"><\/div><\/div><\/div><\/div><\/div><\/div><div class=\"fusion-fullwidth fullwidth-box fusion-builder-row-2 nonhundred-percent-fullwidth non-hundred-percent-height-scrolling\" style=\"--awb-border-radius-top-left:0px;--awb-border-radius-top-right:0px;--awb-border-radius-bottom-right:0px;--awb-border-radius-bottom-left:0px;--awb-flex-wrap:wrap;\" ><div class=\"fusion-builder-row fusion-row\"><div class=\"fusion-layout-column fusion_builder_column fusion-builder-column-1 fusion_builder_column_1_1 1_1 fusion-one-full fusion-column-first fusion-column-last\" style=\"--awb-bg-size:cover;\"><div class=\"fusion-column-wrapper fusion-column-has-shadow fusion-flex-column-wrapper-legacy\"><div class=\"fusion-sharing-box fusion-sharing-box-1 boxed-icons has-taglines layout-floated layout-medium-floated layout-small-floated\" style=\"background-color:rgba(246,246,246,0);padding:0;--awb-layout:row;--awb-alignment-small:space-between;\" data-title=\"Welcome to my garden: un bout de terrain\u2026 et un hamac \u00e0 Chaumont-Gistoux\" data-description=\"Il n\u2019est pas n\u00e9cessaire d\u2019avoir un grand jardin pour accueillir les campeurs d\u2019un jour. Dieter n\u2019a seulement que quelques m\u00e8tres d\u2019herbe \u00e0 offrir et il s\u2019est lanc\u00e9.\" data-link=\"https:\/\/grand-angle.lavenir.net\/welcome-to-my-garden\/a-chaumont-gistoux-pas-de-toilette-mais-un-hamac\/\"><div class=\"fusion-social-networks sharingbox-shortcode-icon-wrapper sharingbox-shortcode-icon-wrapper-1 boxed-icons\"><span><a href=\"https:\/\/www.facebook.com\/sharer.php?u=https%3A%2F%2Fgrand-angle.lavenir.net%2Fwelcome-to-my-garden%2Fa-chaumont-gistoux-pas-de-toilette-mais-un-hamac%2F&amp;t=Welcome%20to%20my%20garden%3A%20un%20bout%20de%20terrain%E2%80%A6%20et%20un%20hamac%20%C3%A0%20Chaumont-Gistoux\" target=\"_blank\" rel=\"noreferrer\" title=\"Facebook\" aria-label=\"Facebook\" data-placement=\"top\" data-toggle=\"tooltip\" data-title=\"Facebook\"><i class=\"fusion-social-network-icon fusion-tooltip fusion-facebook awb-icon-facebook\" style=\"color:#ffffff;background-color:#3b5998;border-color:#3b5998;border-radius:50%;\" aria-hidden=\"true\"><\/i><\/a><\/span><span><a href=\"https:\/\/x.com\/intent\/post?text=Welcome%20to%20my%20garden%3A%20un%20bout%20de%20terrain%E2%80%A6%20et%20un%20hamac%20%C3%A0%20Chaumont-Gistoux&amp;url=https%3A%2F%2Fgrand-angle.lavenir.net%2Fwelcome-to-my-garden%2Fa-chaumont-gistoux-pas-de-toilette-mais-un-hamac%2F\" target=\"_blank\" rel=\"noopener noreferrer\" title=\"X\" aria-label=\"X\" data-placement=\"top\" data-toggle=\"tooltip\" data-title=\"X\"><i class=\"fusion-social-network-icon fusion-tooltip fusion-twitter awb-icon-twitter\" style=\"color:#ffffff;background-color:#000000;border-color:#000000;border-radius:50%;\" aria-hidden=\"true\"><\/i><\/a><\/span><\/div><\/div><div class=\"fusion-text fusion-text-2\"><p>M\u00eame s\u2019il est coinc\u00e9 entre leur potager et leur cabanon, Dieter et Kathleen ont d\u00e9cid\u00e9 d\u2019ouvrir leur petit jardin aux randonneurs ou cyclistes belges qui d\u00e9sirent d\u00e9couvrir la r\u00e9gion. \u00ab\u2009Je suis randonneur moi aussi, explique Dieter. Quand j\u2019ai vu ce nouveau site, je me suis dit pourquoi pas.\u2009\u00bb Et la taille de leur jardin \u00e0 Chaumont-Gistoux, dans le Brabant wallon, n\u2019a pas \u00e9t\u00e9 un obstacle. \u00ab\u2009J\u2019ai d\u00e9j\u00e0 camp\u00e9 dans des endroits plus petits, l\u2019essentiel est qu\u2019on puisse planter sa tente et y dormir tranquillement.\u2009\u00bb Ici, seule une tente de deux personnes peut \u00eatre plant\u00e9e. Dans leur annonce sur le site Welcome to my garden, Dieter et Kathleen soulignent quelques d\u00e9tails qui ont, finalement, une grande importance. \u00ab\u2009Il y a un r\u00e9verb\u00e8re pas tr\u00e8s loin de l\u2019emplacement, il pourrait donc ne pas faire totalement nuit dans la tente. Vous serez \u00e0 c\u00f4t\u00e9 d\u2019une rue en cul-de-sac avec tr\u00e8s peu de circulation.\u2009\u00bb La surface propos\u00e9e est facilement accessible de la route.<\/p>\n<\/div><div class=\"fusion-image-element in-legacy-container\" style=\"--awb-caption-title-font-family:var(--h2_typography-font-family);--awb-caption-title-font-weight:var(--h2_typography-font-weight);--awb-caption-title-font-style:var(--h2_typography-font-style);--awb-caption-title-size:var(--h2_typography-font-size);--awb-caption-title-transform:var(--h2_typography-text-transform);--awb-caption-title-line-height:var(--h2_typography-line-height);--awb-caption-title-letter-spacing:var(--h2_typography-letter-spacing);\"><span class=\" fusion-imageframe imageframe-none imageframe-1 hover-type-zoomin\"><img decoding=\"async\" width=\"820\" height=\"615\" title=\"Welcome to my garden &#8211; t\u00e9moigange\" src=\"https:\/\/grand-angle.lavenir.net\/welcome-to-my-garden\/wp-content\/uploads\/sites\/113\/2020\/05\/2185151_202005241556406362804-1024x768.jpg\" alt class=\"img-responsive wp-image-312\" srcset=\"https:\/\/grand-angle.lavenir.net\/welcome-to-my-garden\/wp-content\/uploads\/sites\/113\/2020\/05\/2185151_202005241556406362804-200x150.jpg 200w, https:\/\/grand-angle.lavenir.net\/welcome-to-my-garden\/wp-content\/uploads\/sites\/113\/2020\/05\/2185151_202005241556406362804-400x300.jpg 400w, https:\/\/grand-angle.lavenir.net\/welcome-to-my-garden\/wp-content\/uploads\/sites\/113\/2020\/05\/2185151_202005241556406362804-600x450.jpg 600w, https:\/\/grand-angle.lavenir.net\/welcome-to-my-garden\/wp-content\/uploads\/sites\/113\/2020\/05\/2185151_202005241556406362804-800x600.jpg 800w, https:\/\/grand-angle.lavenir.net\/welcome-to-my-garden\/wp-content\/uploads\/sites\/113\/2020\/05\/2185151_202005241556406362804-1200x900.jpg 1200w\" sizes=\"(max-width: 800px) 100vw, 1200px\" \/><\/span><\/div><div class=\"fusion-text fusion-text-3\"><p>Pour ces futurs h\u00f4tes, l\u2019emplacement est id\u00e9alement situ\u00e9 car ils mettent un point d\u2019orgue sur le respect de leur vie priv\u00e9e. \u00ab\u2009Nous ne d\u00e9sirons pas ouvrir notre maison aux randonneurs, explique Dieter. Il n\u2019y a donc pas d\u2019acc\u00e8s \u00e0 l\u2019eau ni aux toilettes. Sauf urgence, sourit-il. Les randonneurs sont souvent en autosuffisance. Ils ont leur eau et s\u2019arr\u00eatent dans les caf\u00e9s s\u2019ils ont besoin d\u2019aller aux toilettes. Nous avons tout cela dans la r\u00e9gion.\u2009\u00bb<\/p>\n<p>Un peu plus loin que le carr\u00e9 d\u2019herbe destin\u00e9 aux campeurs, deux arbres se tiennent bien droit et accueillent un hamac. \u00ab\u2009J\u2019ai d\u00e9j\u00e0 vu plusieurs randonneurs qui dorment dans leur hamac, je me suis dit que \u00e7a pouvait \u00eatre sympa de proposer cette alternative.\u2009\u00bb L\u2019occasion pour les h\u00f4tes de d\u00e9couvrir une nouvelle fa\u00e7on de voyager. En effet, cette plateforme est l\u00e0 pour d\u00e9couvrir notre propre pays mais \u00e9galement favoriser les \u00e9changes et les rencontres. \u00ab\u2009En Belgique, le bivouac est interdit et cela emp\u00eache beaucoup de randonneurs de marcher dans leur propre pays. J\u2019aime bien l\u2019id\u00e9e de donner cette opportunit\u00e9 aux personnes qui d\u00e9sirent le faire.\u2009\u00bb<\/p>\n<\/div><div class=\"fusion-clearfix\"><\/div><\/div><\/div><\/div><\/div><\/p>\n","protected":false},"excerpt":{"rendered":"","protected":false},"author":1,"featured_media":0,"parent":0,"menu_order":0,"comment_status":"closed","ping_status":"closed","template":"100-width.php","meta":{"footnotes":""},"class_list":["post-344","page","type-page","status-publish","hentry"],"yoast_head":"<!-- This site is optimized with the Yoast SEO plugin v27.1.1 - https:\/\/yoast.com\/product\/yoast-seo-wordpress\/ -->\n<title>\u00c0 Chaumont-Gistoux, pas de toilette mais un hamac - Welcome to my garden<\/title>\n<meta name=\"description\" content=\"Il n\u2019est pas n\u00e9cessaire d\u2019avoir un grand jardin pour accueillir les campeurs d\u2019un jour. Dieter n\u2019a seulement que quelques m\u00e8tres d\u2019herbe \u00e0 offrir et il s\u2019est lanc\u00e9.\" \/>\n<meta name=\"robots\" content=\"index, follow, max-snippet:-1, max-image-preview:large, max-video-preview:-1\" \/>\n<link rel=\"canonical\" href=\"https:\/\/grand-angle.lavenir.net\/welcome-to-my-garden\/a-chaumont-gistoux-pas-de-toilette-mais-un-hamac\/\" \/>\n<meta property=\"og:locale\" content=\"fr_FR\" \/>\n<meta property=\"og:type\" content=\"article\" \/>\n<meta property=\"og:title\" content=\"Welcome to my garden: un bout de terrain\u2026 et un hamac \u00e0 Chaumont-Gistoux\" \/>\n<meta property=\"og:description\" content=\"Il n\u2019est pas n\u00e9cessaire d\u2019avoir un grand jardin pour accueillir les campeurs d\u2019un jour. Dieter n\u2019a seulement que quelques m\u00e8tres d\u2019herbe \u00e0 offrir et il s\u2019est lanc\u00e9.\" \/>\n<meta property=\"og:url\" content=\"https:\/\/grand-angle.lavenir.net\/welcome-to-my-garden\/a-chaumont-gistoux-pas-de-toilette-mais-un-hamac\/\" \/>\n<meta property=\"og:site_name\" content=\"Welcome to my garden\" \/>\n<meta property=\"article:modified_time\" content=\"2020-05-29T07:08:21+00:00\" \/>\n<meta property=\"og:image\" content=\"https:\/\/grand-angle.lavenir.net\/welcome-to-my-garden\/wp-content\/uploads\/sites\/113\/2020\/05\/2185153_202005241556438862200.jpg\" \/>\n\t<meta property=\"og:image:width\" content=\"2000\" \/>\n\t<meta property=\"og:image:height\" content=\"1500\" \/>\n\t<meta property=\"og:image:type\" content=\"image\/jpeg\" \/>\n<meta name=\"twitter:card\" content=\"summary_large_image\" \/>\n<meta name=\"twitter:title\" content=\"Welcome to my garden: un bout de terrain\u2026 et un hamac \u00e0 Chaumont-Gistoux\" \/>\n<meta name=\"twitter:description\" content=\"Il n\u2019est pas n\u00e9cessaire d\u2019avoir un grand jardin pour accueillir les campeurs d\u2019un jour. Dieter n\u2019a seulement que quelques m\u00e8tres d\u2019herbe \u00e0 offrir et il s\u2019est lanc\u00e9.\" \/>\n<meta name=\"twitter:label1\" content=\"Dur\u00e9e de lecture est.\" \/>\n\t<meta name=\"twitter:data1\" content=\"7 minutes\" \/>\n<script type=\"application\/ld+json\" class=\"yoast-schema-graph\">{\"@context\":\"https:\/\/schema.org\",\"@graph\":[{\"@type\":\"WebPage\",\"@id\":\"https:\/\/grand-angle.lavenir.net\/welcome-to-my-garden\/a-chaumont-gistoux-pas-de-toilette-mais-un-hamac\/\",\"url\":\"https:\/\/grand-angle.lavenir.net\/welcome-to-my-garden\/a-chaumont-gistoux-pas-de-toilette-mais-un-hamac\/\",\"name\":\"\u00c0 Chaumont-Gistoux, pas de toilette mais un hamac - Welcome to my garden\",\"isPartOf\":{\"@id\":\"https:\/\/grand-angle.lavenir.net\/welcome-to-my-garden\/#website\"},\"datePublished\":\"2020-05-29T07:04:21+00:00\",\"dateModified\":\"2020-05-29T07:08:21+00:00\",\"description\":\"Il n\u2019est pas n\u00e9cessaire d\u2019avoir un grand jardin pour accueillir les campeurs d\u2019un jour. Dieter n\u2019a seulement que quelques m\u00e8tres d\u2019herbe \u00e0 offrir et il s\u2019est lanc\u00e9.\",\"breadcrumb\":{\"@id\":\"https:\/\/grand-angle.lavenir.net\/welcome-to-my-garden\/a-chaumont-gistoux-pas-de-toilette-mais-un-hamac\/#breadcrumb\"},\"inLanguage\":\"fr-BE\",\"potentialAction\":[{\"@type\":\"ReadAction\",\"target\":[\"https:\/\/grand-angle.lavenir.net\/welcome-to-my-garden\/a-chaumont-gistoux-pas-de-toilette-mais-un-hamac\/\"]}]},{\"@type\":\"BreadcrumbList\",\"@id\":\"https:\/\/grand-angle.lavenir.net\/welcome-to-my-garden\/a-chaumont-gistoux-pas-de-toilette-mais-un-hamac\/#breadcrumb\",\"itemListElement\":[{\"@type\":\"ListItem\",\"position\":1,\"name\":\"Home\",\"item\":\"https:\/\/grand-angle.lavenir.net\/welcome-to-my-garden\/\"},{\"@type\":\"ListItem\",\"position\":2,\"name\":\"\u00c0 Chaumont-Gistoux, pas de toilette mais un hamac\"}]},{\"@type\":\"WebSite\",\"@id\":\"https:\/\/grand-angle.lavenir.net\/welcome-to-my-garden\/#website\",\"url\":\"https:\/\/grand-angle.lavenir.net\/welcome-to-my-garden\/\",\"name\":\"Welcome to my garden\",\"description\":\"Ces nouveaux bourgmestres racontent 1 an au pouvoir\",\"potentialAction\":[{\"@type\":\"SearchAction\",\"target\":{\"@type\":\"EntryPoint\",\"urlTemplate\":\"https:\/\/grand-angle.lavenir.net\/welcome-to-my-garden\/?s={search_term_string}\"},\"query-input\":{\"@type\":\"PropertyValueSpecification\",\"valueRequired\":true,\"valueName\":\"search_term_string\"}}],\"inLanguage\":\"fr-BE\"}]}<\/script>\n<!-- \/ Yoast SEO plugin. -->","yoast_head_json":{"title":"\u00c0 Chaumont-Gistoux, pas de toilette mais un hamac - Welcome to my garden","description":"Il n\u2019est pas n\u00e9cessaire d\u2019avoir un grand jardin pour accueillir les campeurs d\u2019un jour. Dieter n\u2019a seulement que quelques m\u00e8tres d\u2019herbe \u00e0 offrir et il s\u2019est lanc\u00e9.","robots":{"index":"index","follow":"follow","max-snippet":"max-snippet:-1","max-image-preview":"max-image-preview:large","max-video-preview":"max-video-preview:-1"},"canonical":"https:\/\/grand-angle.lavenir.net\/welcome-to-my-garden\/a-chaumont-gistoux-pas-de-toilette-mais-un-hamac\/","og_locale":"fr_FR","og_type":"article","og_title":"Welcome to my garden: un bout de terrain\u2026 et un hamac \u00e0 Chaumont-Gistoux","og_description":"Il n\u2019est pas n\u00e9cessaire d\u2019avoir un grand jardin pour accueillir les campeurs d\u2019un jour. Dieter n\u2019a seulement que quelques m\u00e8tres d\u2019herbe \u00e0 offrir et il s\u2019est lanc\u00e9.","og_url":"https:\/\/grand-angle.lavenir.net\/welcome-to-my-garden\/a-chaumont-gistoux-pas-de-toilette-mais-un-hamac\/","og_site_name":"Welcome to my garden","article_modified_time":"2020-05-29T07:08:21+00:00","og_image":[{"width":2000,"height":1500,"url":"https:\/\/grand-angle.lavenir.net\/welcome-to-my-garden\/wp-content\/uploads\/sites\/113\/2020\/05\/2185153_202005241556438862200.jpg","type":"image\/jpeg"}],"twitter_card":"summary_large_image","twitter_title":"Welcome to my garden: un bout de terrain\u2026 et un hamac \u00e0 Chaumont-Gistoux","twitter_description":"Il n\u2019est pas n\u00e9cessaire d\u2019avoir un grand jardin pour accueillir les campeurs d\u2019un jour. Dieter n\u2019a seulement que quelques m\u00e8tres d\u2019herbe \u00e0 offrir et il s\u2019est lanc\u00e9.","twitter_misc":{"Dur\u00e9e de lecture est.":"7 minutes"},"schema":{"@context":"https:\/\/schema.org","@graph":[{"@type":"WebPage","@id":"https:\/\/grand-angle.lavenir.net\/welcome-to-my-garden\/a-chaumont-gistoux-pas-de-toilette-mais-un-hamac\/","url":"https:\/\/grand-angle.lavenir.net\/welcome-to-my-garden\/a-chaumont-gistoux-pas-de-toilette-mais-un-hamac\/","name":"\u00c0 Chaumont-Gistoux, pas de toilette mais un hamac - Welcome to my garden","isPartOf":{"@id":"https:\/\/grand-angle.lavenir.net\/welcome-to-my-garden\/#website"},"datePublished":"2020-05-29T07:04:21+00:00","dateModified":"2020-05-29T07:08:21+00:00","description":"Il n\u2019est pas n\u00e9cessaire d\u2019avoir un grand jardin pour accueillir les campeurs d\u2019un jour. Dieter n\u2019a seulement que quelques m\u00e8tres d\u2019herbe \u00e0 offrir et il s\u2019est lanc\u00e9.","breadcrumb":{"@id":"https:\/\/grand-angle.lavenir.net\/welcome-to-my-garden\/a-chaumont-gistoux-pas-de-toilette-mais-un-hamac\/#breadcrumb"},"inLanguage":"fr-BE","potentialAction":[{"@type":"ReadAction","target":["https:\/\/grand-angle.lavenir.net\/welcome-to-my-garden\/a-chaumont-gistoux-pas-de-toilette-mais-un-hamac\/"]}]},{"@type":"BreadcrumbList","@id":"https:\/\/grand-angle.lavenir.net\/welcome-to-my-garden\/a-chaumont-gistoux-pas-de-toilette-mais-un-hamac\/#breadcrumb","itemListElement":[{"@type":"ListItem","position":1,"name":"Home","item":"https:\/\/grand-angle.lavenir.net\/welcome-to-my-garden\/"},{"@type":"ListItem","position":2,"name":"\u00c0 Chaumont-Gistoux, pas de toilette mais un hamac"}]},{"@type":"WebSite","@id":"https:\/\/grand-angle.lavenir.net\/welcome-to-my-garden\/#website","url":"https:\/\/grand-angle.lavenir.net\/welcome-to-my-garden\/","name":"Welcome to my garden","description":"Ces nouveaux bourgmestres racontent 1 an au pouvoir","potentialAction":[{"@type":"SearchAction","target":{"@type":"EntryPoint","urlTemplate":"https:\/\/grand-angle.lavenir.net\/welcome-to-my-garden\/?s={search_term_string}"},"query-input":{"@type":"PropertyValueSpecification","valueRequired":true,"valueName":"search_term_string"}}],"inLanguage":"fr-BE"}]}},"_links":{"self":[{"href":"https:\/\/grand-angle.lavenir.net\/welcome-to-my-garden\/wp-json\/wp\/v2\/pages\/344","targetHints":{"allow":["GET"]}}],"collection":[{"href":"https:\/\/grand-angle.lavenir.net\/welcome-to-my-garden\/wp-json\/wp\/v2\/pages"}],"about":[{"href":"https:\/\/grand-angle.lavenir.net\/welcome-to-my-garden\/wp-json\/wp\/v2\/types\/page"}],"author":[{"embeddable":true,"href":"https:\/\/grand-angle.lavenir.net\/welcome-to-my-garden\/wp-json\/wp\/v2\/users\/1"}],"replies":[{"embeddable":true,"href":"https:\/\/grand-angle.lavenir.net\/welcome-to-my-garden\/wp-json\/wp\/v2\/comments?post=344"}],"version-history":[{"count":0,"href":"https:\/\/grand-angle.lavenir.net\/welcome-to-my-garden\/wp-json\/wp\/v2\/pages\/344\/revisions"}],"wp:attachment":[{"href":"https:\/\/grand-angle.lavenir.net\/welcome-to-my-garden\/wp-json\/wp\/v2\/media?parent=344"}],"curies":[{"name":"wp","href":"https:\/\/api.w.org\/{rel}","templated":true}]}}