{"id":5,"date":"2017-12-14T11:09:30","date_gmt":"2017-12-14T10:09:30","guid":{"rendered":"https:\/\/grand-angle.lavenir.net\/reportage-sans-abri-charleroi\/?page_id=5"},"modified":"2017-12-21T11:23:02","modified_gmt":"2017-12-21T10:23:02","slug":"ils-sont-de-plus-en-plus-et-il-y-a-beaucoup-de-jeunes","status":"publish","type":"page","link":"https:\/\/grand-angle.lavenir.net\/reportage-sans-abri-charleroi\/","title":{"rendered":"\u00abIls sont de plus en plus et il y a beaucoup de jeunes\u00bb"},"content":{"rendered":"<p><div class=\"fusion-fullwidth fullwidth-box fusion-builder-row-1 nonhundred-percent-fullwidth non-hundred-percent-height-scrolling\" style=\"--awb-border-radius-top-left:0px;--awb-border-radius-top-right:0px;--awb-border-radius-bottom-right:0px;--awb-border-radius-bottom-left:0px;--awb-flex-wrap:wrap;\" ><div class=\"fusion-builder-row fusion-row\"><div class=\"fusion-layout-column fusion_builder_column fusion-builder-column-0 fusion_builder_column_1_1 1_1 fusion-one-full fusion-column-first fusion-column-last\" style=\"--awb-bg-size:cover;\"><div class=\"fusion-column-wrapper fusion-flex-column-wrapper-legacy\"><div class=\"fusion-text fusion-text-1\"><h1 style=\"text-align: center;\">\u00abIls sont de plus en plus et il y a beaucoup de jeunes\u00bb<\/h1>\n<\/div><div class=\"fusion-image-element in-legacy-container\" style=\"--awb-bottom-shadow-color:rgba(0,0,0,0.4);--awb-caption-title-font-family:var(--h2_typography-font-family);--awb-caption-title-font-weight:var(--h2_typography-font-weight);--awb-caption-title-font-style:var(--h2_typography-font-style);--awb-caption-title-size:var(--h2_typography-font-size);--awb-caption-title-transform:var(--h2_typography-text-transform);--awb-caption-title-line-height:var(--h2_typography-line-height);--awb-caption-title-letter-spacing:var(--h2_typography-letter-spacing);\"><div class=\"awb-image-frame awb-image-frame-1 imageframe-liftup awb-bottomshadow\"><span class=\" fusion-imageframe imageframe-bottomshadow imageframe-1\"><img decoding=\"async\" width=\"1143\" height=\"740\" title=\"1-8\" src=\"https:\/\/grand-angle.lavenir.net\/reportage-sans-abri-charleroi\/wp-content\/uploads\/sites\/35\/2017\/12\/1-8.jpg\" alt class=\"img-responsive wp-image-13\" srcset=\"https:\/\/grand-angle.lavenir.net\/reportage-sans-abri-charleroi\/wp-content\/uploads\/sites\/35\/2017\/12\/1-8-200x129.jpg 200w, https:\/\/grand-angle.lavenir.net\/reportage-sans-abri-charleroi\/wp-content\/uploads\/sites\/35\/2017\/12\/1-8-400x259.jpg 400w, https:\/\/grand-angle.lavenir.net\/reportage-sans-abri-charleroi\/wp-content\/uploads\/sites\/35\/2017\/12\/1-8-600x388.jpg 600w, https:\/\/grand-angle.lavenir.net\/reportage-sans-abri-charleroi\/wp-content\/uploads\/sites\/35\/2017\/12\/1-8-800x518.jpg 800w, https:\/\/grand-angle.lavenir.net\/reportage-sans-abri-charleroi\/wp-content\/uploads\/sites\/35\/2017\/12\/1-8.jpg 1143w\" sizes=\"(max-width: 800px) 100vw, 1143px\" \/><\/span><svg xmlns=\"http:\/\/www.w3.org\/2000\/svg\" version=\"1.1\" width=\"100%\" viewBox=\"0 0 600 28\" preserveAspectRatio=\"none\"><g clip-path=\"url(#a)\"><mask id=\"b\" style=\"mask-type:luminance\" maskUnits=\"userSpaceOnUse\" x=\"0\" y=\"0\" width=\"600\" height=\"28\"><path d=\"M0 0h600v28H0V0Z\" fill=\"#fff\"\/><\/mask><g filter=\"url(#c)\" mask=\"url(#b)\"><path d=\"M16.439-18.667h567.123v30.8S438.961-8.4 300-8.4C161.04-8.4 16.438 12.133 16.438 12.133v-30.8Z\" fill=\"#000\"\/><\/g><\/g><defs><clipPath id=\"a\"><path fill=\"#fff\" d=\"M0 0h600v28H0z\"\/><\/clipPath><filter id=\"c\" x=\"5.438\" y=\"-29.667\" width=\"589.123\" height=\"52.8\" filterUnits=\"userSpaceOnUse\" color-interpolation-filters=\"sRGB\"><feFlood flood-opacity=\"0\" result=\"BackgroundImageFix\"\/><feBlend in=\"SourceGraphic\" in2=\"BackgroundImageFix\" result=\"shape\"\/><feGaussianBlur stdDeviation=\"5.5\" result=\"effect1_foregroundBlur_3983_183\"\/><\/filter><\/defs><\/svg><\/div><\/div><div class=\"fusion-text fusion-text-2\"><h2><strong>\u00abComme chez nous\u00bb, un\u00a0r\u00f4le vital\u00a0au quotidien<\/strong><\/h2>\n<p><span class=\"lettrine\">S<\/span>e retrouver \u00e0 la rue, avec ses enfants parfois,\u00a0et tenter de trouver les ressources, mentales et physiques, pour remonter la pente&#8230; L&rsquo;ASBL\u00a0\u00abComme chez nous\u00bb, qui propose notamment un centre d&rsquo;accueil de jour ouvert \u00ab365 jours par an\u00bb,\u00a0joue ind\u00e9niablement un r\u00f4le vital dans la r\u00e9insertion des sans-abri.<\/p>\n<p>Un millier de personnes frappent \u00e0 la porte de cette association carolo chaque ann\u00e9e. \u00abMille\u00a0personnes qui transitent soit quelques heures, soit quelques jours, soit toute l&rsquo;ann\u00e9e,\u00bb\u00a0pr\u00e9cise Sylvie Hustin, infirmi\u00e8re sociale au sein de l&rsquo;ASBL.<\/p>\n<\/div><iframe allowfullscreen=\"\" frameborder=\"0\" height=\"270\" src=\"\/\/www.dailymotion.com\/embed\/video\/kABWQKmqYz51DSpDc0q\" width=\"480\"><\/iframe><div class=\"fusion-clearfix\"><\/div><\/div><\/div><div class=\"fusion-layout-column fusion_builder_column fusion-builder-column-1 fusion_builder_column_1_1 1_1 fusion-one-full fusion-column-first fusion-column-last\" style=\"--awb-bg-size:cover;\"><div class=\"fusion-column-wrapper fusion-flex-column-wrapper-legacy\"><div class=\"fusion-text fusion-text-3\"><h2><strong>\u00abDe plus en plus de sans-abri\u00bb et \u00abbeaucoup plus de jeunes\u00bb<\/strong><\/h2>\n<p>Le \u00absans-abrisme\u00bb, un ph\u00e9nom\u00e8ne de plus en plus pr\u00e9sent \u00e0 Charleroi? Oui, si l&rsquo;on en croit le constat de Sylvie Hustin, qui indique que les jeunes frappent de plus en plus \u00e0 la porte de l&rsquo;ASBL. L&rsquo;association doit \u00e9galement faire face aux appels \u00e0 l&rsquo;aide de mineurs, d&rsquo;enfants en bas \u00e2ge qui se retrouvent \u00e0 la rue avec leur famille&#8230;<\/p>\n<p>\u00abIl y en a beaucoup, il y en a de plus en plus, il en y a de diff\u00e9rentes formes. La derni\u00e8re ann\u00e9e, nous avons remarqu\u00e9 que nous avions beaucoup plus de jeunes, dans la tranche des 18-25 ans, m\u00eame parfois des mineurs&#8230; Il y a aussi une grosse partie de femmes et de familles.\u00a0Des enfants en bas \u00e2ge qui sont parfois encore avec les parents et qui se retrouvent soit en abri de nuit, soit parfois, quand on a de la chance d&rsquo;en avoir, en\u00a0logement de transit. Au sein de l&rsquo;ASBL, on a un logement de transit pour les familles mais malheureusement il n&rsquo;y en a pas beaucoup sur Charleroi.\u00bb<\/p>\n<\/div><iframe allowfullscreen=\"\" frameborder=\"0\" height=\"270\" src=\"\/\/www.dailymotion.com\/embed\/video\/k2pl4ssLX0DVWxpDd37\" width=\"480\"><\/iframe><div class=\"fusion-clearfix\"><\/div><\/div><\/div><\/div><\/div><div class=\"fusion-fullwidth fullwidth-box fusion-builder-row-2 nonhundred-percent-fullwidth non-hundred-percent-height-scrolling\" style=\"--awb-border-radius-top-left:0px;--awb-border-radius-top-right:0px;--awb-border-radius-bottom-right:0px;--awb-border-radius-bottom-left:0px;--awb-background-color:#ffffff;--awb-flex-wrap:wrap;\" ><div class=\"fusion-builder-row fusion-row\"><div class=\"fusion-layout-column fusion_builder_column fusion-builder-column-2 fusion_builder_column_1_1 1_1 fusion-one-full fusion-column-first fusion-column-last\" style=\"--awb-bg-size:cover;\"><div class=\"fusion-column-wrapper fusion-flex-column-wrapper-legacy\"><iframe allowfullscreen=\"\" frameborder=\"0\" height=\"270\" src=\"\/\/www.dailymotion.com\/embed\/video\/k4nPVaO2y5Pd9WpDfiv\" width=\"480\"><\/iframe><div class=\"fusion-clearfix\"><\/div><\/div><\/div><\/div><\/div><div class=\"fusion-fullwidth fullwidth-box fusion-builder-row-3 nonhundred-percent-fullwidth non-hundred-percent-height-scrolling\" style=\"--awb-border-radius-top-left:0px;--awb-border-radius-top-right:0px;--awb-border-radius-bottom-right:0px;--awb-border-radius-bottom-left:0px;--awb-flex-wrap:wrap;\" ><div class=\"fusion-builder-row fusion-row\"><div class=\"fusion-layout-column fusion_builder_column fusion-builder-column-3 fusion_builder_column_1_1 1_1 fusion-one-full fusion-column-first fusion-column-last\" style=\"--awb-bg-size:cover;\"><div class=\"fusion-column-wrapper fusion-flex-column-wrapper-legacy\"><div class=\"fusion-text fusion-text-4\"><h2><strong>Se prostituer pour avoir&#8230; un toit<\/strong><\/h2>\n<p>Il y a le \u00absans-abrisme\u00bb, mais il y a \u00e9galement tout ce qui vient s&rsquo;y greffer&#8230; \u00abC&rsquo;est un monde tr\u00e8s particulier, on dit souvent que c&rsquo;est &lsquo;un autre monde&rsquo;. Quand on n&rsquo;a pas partag\u00e9 la vie des gens, on ne peut pas se rendre compte des dangers de la rue. \u00bb estime Sylvie Hustin.<\/p>\n<p>La prostitution? \u00ab On a r\u00e9guli\u00e8rement des personnes qui nous en parlent: soit pour l&rsquo;argent, soit parfois pour avoir une nuit au chaud.\u00bb<\/p>\n<p>Les viols?\u00a0\u00abIl y en a&#8230; Quand ce sont des femmes, elles essaient de se regrouper, de ne pas rester\u00a0seules, parfois d&rsquo;avoir l&rsquo;un ou l&rsquo;autre\u00a0&lsquo;ami\u00a0de rue&rsquo; (&#8230;). C&rsquo;est une vuln\u00e9rabilit\u00e9 de se retrouver tout seul \u00e0 la rue.\u00bb<\/p>\n<\/div><div class=\"fusion-clearfix\"><\/div><\/div><\/div><div class=\"fusion-layout-column fusion_builder_column fusion-builder-column-4 fusion_builder_column_1_2 1_2 fusion-one-half fusion-column-first\" style=\"--awb-bg-size:cover;width:50%;width:calc(50% - ( ( 4% ) * 0.5 ) );margin-right: 4%;\"><div class=\"fusion-column-wrapper fusion-flex-column-wrapper-legacy\"><iframe allowfullscreen=\"\" frameborder=\"0\" height=\"220\" src=\"\/\/www.dailymotion.com\/embed\/video\/k61JxxZVsY91QPpDlyX\" width=\"391\"><\/iframe><div class=\"fusion-clearfix\"><\/div><\/div><\/div><div class=\"fusion-layout-column fusion_builder_column fusion-builder-column-5 fusion_builder_column_1_2 1_2 fusion-one-half fusion-column-last\" style=\"--awb-bg-size:cover;width:50%;width:calc(50% - ( ( 4% ) * 0.5 ) );\"><div class=\"fusion-column-wrapper fusion-flex-column-wrapper-legacy\"><iframe allowfullscreen=\"\" frameborder=\"0\" height=\"220\" src=\"\/\/www.dailymotion.com\/embed\/video\/kcpLUzbwBiAg2YpDme9\" width=\"391\"><\/iframe><div class=\"fusion-clearfix\"><\/div><\/div><\/div><\/div><\/div><div class=\"fusion-fullwidth fullwidth-box fusion-builder-row-4 nonhundred-percent-fullwidth non-hundred-percent-height-scrolling\" style=\"--awb-border-radius-top-left:0px;--awb-border-radius-top-right:0px;--awb-border-radius-bottom-right:0px;--awb-border-radius-bottom-left:0px;--awb-flex-wrap:wrap;\" ><div class=\"fusion-builder-row fusion-row\"><div class=\"fusion-layout-column fusion_builder_column fusion-builder-column-6 fusion_builder_column_1_1 1_1 fusion-one-full fusion-column-first fusion-column-last\" style=\"--awb-bg-size:cover;\"><div class=\"fusion-column-wrapper fusion-flex-column-wrapper-legacy\"><div class=\"fusion-text fusion-text-5\"><h2><strong>\u00abSous l&rsquo;arbre \u00e0 palabre&#8230; \u00bb: un livre, des tranches de vie du\u00a0monde de la rue, des clich\u00e9s \u00e0 d\u00e9monter<\/strong><\/h2>\n<p>Au fil des s\u00e9ances de th\u00e9rapie communautaire\u00a0organis\u00e9e par le Dr Verhelst &#8211;\u00a0psychiatre au\u00a0Grand H\u00f4pital de Charleroi (GHdC) &#8211;\u00a0au sein de l&rsquo;ASBL, un projet est n\u00e9.\u00a0Sous la forme d&rsquo;un recueil:\u00a0\u00abSous l&rsquo;arbre \u00e0 palabre\u00a0\u00bb.<\/p>\n<\/div><div class=\"fusion-text fusion-text-6\"><p>\u00abOn s&rsquo;est rendu compte qu&rsquo;il y avait beaucoup de points positifs qui ressortaient. On s&rsquo;est dit pourquoi ne pas s&rsquo;en servir comme leviers. On a propos\u00e9 aux personnes qui avaient particip\u00e9 au groupe (NDLR: de th\u00e9rapie communautaire) de participer \u00e0 l&rsquo;\u00e9criture et la r\u00e9daction d&rsquo;un livre, o\u00f9 chaque personne a pu partager une partie de sa vie pour vraiment montrer justement aux personnes qui ne connaissent pas le milieu du sans-abrisme, ce que c&rsquo;\u00e9tait vraiment, pas forc\u00e9ment les clich\u00e9s qu&rsquo;on en a, sur la toxicomanie, sur l&rsquo;alcoolisme&#8230;\u00bb<\/p>\n<p><img decoding=\"async\" class=\"alignleft size-medium wp-image-11\" src=\"https:\/\/grand-angle.lavenir.net\/reportage-sans-abri-charleroi\/wp-content\/uploads\/sites\/35\/2017\/12\/1-6-300x211.jpg\" alt=\"\" width=\"300\" height=\"211\" srcset=\"https:\/\/grand-angle.lavenir.net\/reportage-sans-abri-charleroi\/wp-content\/uploads\/sites\/35\/2017\/12\/1-6-200x140.jpg 200w, https:\/\/grand-angle.lavenir.net\/reportage-sans-abri-charleroi\/wp-content\/uploads\/sites\/35\/2017\/12\/1-6-300x211.jpg 300w, https:\/\/grand-angle.lavenir.net\/reportage-sans-abri-charleroi\/wp-content\/uploads\/sites\/35\/2017\/12\/1-6-400x281.jpg 400w, https:\/\/grand-angle.lavenir.net\/reportage-sans-abri-charleroi\/wp-content\/uploads\/sites\/35\/2017\/12\/1-6-600x421.jpg 600w, https:\/\/grand-angle.lavenir.net\/reportage-sans-abri-charleroi\/wp-content\/uploads\/sites\/35\/2017\/12\/1-6-768x539.jpg 768w, https:\/\/grand-angle.lavenir.net\/reportage-sans-abri-charleroi\/wp-content\/uploads\/sites\/35\/2017\/12\/1-6-800x561.jpg 800w, https:\/\/grand-angle.lavenir.net\/reportage-sans-abri-charleroi\/wp-content\/uploads\/sites\/35\/2017\/12\/1-6-1024x719.jpg 1024w, https:\/\/grand-angle.lavenir.net\/reportage-sans-abri-charleroi\/wp-content\/uploads\/sites\/35\/2017\/12\/1-6-1200x842.jpg 1200w, https:\/\/grand-angle.lavenir.net\/reportage-sans-abri-charleroi\/wp-content\/uploads\/sites\/35\/2017\/12\/1-6.jpg 1395w\" sizes=\"(max-width: 300px) 100vw, 300px\" \/><\/p>\n<p>Quand on parle de clich\u00e9s, dans ce livre, il y a notamment cette annonce publi\u00e9e par un propri\u00e9taire, qui juge bon qu&rsquo;il n&rsquo;est pas preneur de \u00abcaution CPAS\u00bb&#8230; No comment.<\/p>\n<p><a href=\"https:\/\/www.publier-un-livre.com\">www.publier-un-livre.com <\/a><\/p>\n<\/div><div class=\"fusion-clearfix\"><\/div><\/div><\/div><\/div><\/div><div class=\"fusion-fullwidth fullwidth-box fusion-builder-row-5 nonhundred-percent-fullwidth non-hundred-percent-height-scrolling\" style=\"--awb-border-radius-top-left:0px;--awb-border-radius-top-right:0px;--awb-border-radius-bottom-right:0px;--awb-border-radius-bottom-left:0px;--awb-background-color:#f2f2f2;--awb-flex-wrap:wrap;\" ><div class=\"fusion-builder-row fusion-row\"><div class=\"fusion-layout-column fusion_builder_column fusion-builder-column-7 fusion_builder_column_1_1 1_1 fusion-one-full fusion-column-first fusion-column-last\" style=\"--awb-bg-size:cover;\"><div class=\"fusion-column-wrapper fusion-flex-column-wrapper-legacy\"><div class=\"fusion-modal modal fade modal-1 modalintro modalintro\" tabindex=\"-1\" role=\"dialog\" aria-labelledby=\"modal-heading-1\" aria-hidden=\"true\" style=\"--awb-border-color:#ebebeb;--awb-background:#f6f6f6;\"><div class=\"modal-dialog modal-sm\" role=\"document\"><div class=\"modal-content fusion-modal-content\"><div class=\"modal-header\"><button class=\"close\" type=\"button\" data-dismiss=\"modal\" aria-hidden=\"true\" aria-label=\"Close\">&times;<\/button><h3 class=\"modal-title\" id=\"modal-heading-1\" data-dismiss=\"modal\" aria-hidden=\"true\"><\/h3><\/div><div class=\"modal-body fusion-clearfix\">\n<p>Dans la foul\u00e9e de la publication du livre \u00ab\u00a0Sous l&rsquo;arbre \u00e0 palabre\u00a0\u00bb, reprenant des tranches de vie de personnes c\u00f4toyant le monde de la rue, L&rsquo;Avenir est all\u00e9 \u00e0 la rencontre de personnes sans-abri, \u00e0 Charleroi. Certaines ont retrouv\u00e9 un toit, d&rsquo;autres vivent toujours en tente ou dans un squat. Elles t\u00e9moignent, se livrent dans une serie d&rsquo;entretiens, \u00e9voquent leurs conditions de vie&#8230;<\/p>\n<\/div><\/div><\/div><\/div><script>\njQuery( document ).ready(function() {\n\n  var cookieName = \"sansabricharleroivisited\";\n  if( getCookie(cookieName) == \"\" ){\n      setCookie(cookieName, true, 30);\n\n      \/\/Affiche la modal\n      jQuery('.modalintro').modal();\n  }\n\n  function setCookie(cname, cvalue, exdays) {\n      var d = new Date();\n      d.setTime(d.getTime() + (exdays*24*60*60*1000));\n      var expires = \"expires=\"+ d.toUTCString();\n      document.cookie = cname + \"=\" + cvalue + \";\" + expires + \";path=\/\";\n  }\n  function getCookie(cname) {\n      var name = cname + \"=\";\n      var decodedCookie = decodeURIComponent(document.cookie);\n      var ca = decodedCookie.split(';');\n      for(var i = 0; i <ca.length; i++) {\n          var c = ca[i];\n          while (c.charAt(0) == ' ') {\n              c = c.substring(1);\n          }\n          if (c.indexOf(name) == 0) {\n              return c.substring(name.length, c.length);\n          }\n      }\n      return \"\";\n  }\n  \n});\n<\/script><div class=\"fusion-clearfix\"><\/div><\/div><\/div><div class=\"fusion-layout-column fusion_builder_column fusion-builder-column-8 fusion_builder_column_1_1 1_1 fusion-one-full fusion-column-first fusion-column-last\" style=\"--awb-bg-size:cover;\"><div class=\"fusion-column-wrapper fusion-flex-column-wrapper-legacy\"><div class=\"fusion-modal modal fade modal-2 modalsondage modalsondage\" tabindex=\"-1\" role=\"dialog\" aria-labelledby=\"modal-heading-2\" aria-hidden=\"true\" style=\"--awb-border-color:#ebebeb;--awb-background:#f6f6f6;\"><div class=\"modal-dialog modal-lg\" role=\"document\"><div class=\"modal-content fusion-modal-content\"><div class=\"modal-header\"><button class=\"close\" type=\"button\" data-dismiss=\"modal\" aria-hidden=\"true\" aria-label=\"Close\">&times;<\/button><h3 class=\"modal-title\" id=\"modal-heading-2\" data-dismiss=\"modal\" aria-hidden=\"true\">La r\u00e9daction souhaite avoir votre avis sur le sujet que vous venez de lire :<\/h3><\/div><div class=\"modal-body fusion-clearfix\">\n<div id=\"qualifio_insert_place_420155\" class=\"qualifio_iframe_wrapper\"><\/div>\n<p><script type=\"text\/javascript\">\n(function(b,o,n,u,s)) (document,window,'_qual_async','script','\/\/qualifio.lavenir.net\/kit\/qualp.2.min.js');\n_qual_async.push(['createIframe', 'qualifio_insert_place_420155', 'qualifio.lavenir.net', '20', '83796E0F-DE13-5679-56CC-A4B79D82C235', '100%', '1200', '', '', '', 'max-width:810px;margin:0 auto;']);\n<\/script><\/p>\n<\/div><\/div><\/div><\/div><div class=\"fusion-clearfix\"><\/div><\/div><\/div><div class=\"fusion-layout-column fusion_builder_column fusion-builder-column-9 fusion_builder_column_1_6 1_6 fusion-one-sixth fusion-column-first\" style=\"--awb-padding-top:20px;--awb-bg-size:cover;width:16.6666666667%;width:calc(16.6666666667% - ( ( 4% ) * 0.166666666667 ) );margin-right: 4%;\"><div class=\"fusion-column-wrapper fusion-flex-column-wrapper-legacy\"><div class=\"fusion-sharing-box fusion-sharing-box-1 boxed-icons has-taglines layout-floated layout-medium-floated layout-small-floated\" style=\"background-color:#f2f2f2;--awb-layout:row;--awb-alignment-small:space-between;\" data-title=\"Reportage dans le milieu des sans-abri \u00e0 Charleroi\" data-description=\"Dans la foul\u00e9e de la publication du livre &quot;Sous l&#039;arbre \u00e0 palabre&quot;, reprenant des tranches de vie de personnes c\u00f4toyant le monde de la rue, L&#039;Avenir est all\u00e9 \u00e0 la rencontre de personnes sans-abri, \u00e0 Charleroi. Certains ont retrouv\u00e9 un toit, d&#039;autres vivent toujours en tente ou dans un squat. Ils t\u00e9moignent, se livrent dans un serie d&#039;entretiens, \u00e9voquent leurs conditions de vie...\" data-link=\"https:\/\/grand-angle.lavenir.net\/reportage-sans-abri-charleroi\/\"><div class=\"fusion-social-networks sharingbox-shortcode-icon-wrapper sharingbox-shortcode-icon-wrapper-1 boxed-icons\"><span><a href=\"https:\/\/www.facebook.com\/sharer.php?u=https%3A%2F%2Fgrand-angle.lavenir.net%2Freportage-sans-abri-charleroi%2F&amp;t=Reportage%20dans%20le%20milieu%20des%20sans-abri%20%C3%A0%20Charleroi\" target=\"_blank\" rel=\"noreferrer\" title=\"Facebook\" aria-label=\"Facebook\" data-placement=\"top\" data-toggle=\"tooltip\" data-title=\"Facebook\"><i class=\"fusion-social-network-icon fusion-tooltip fusion-facebook awb-icon-facebook\" style=\"color:#ffffff;background-color:#3b5998;border-color:#3b5998;border-radius:50%;\" aria-hidden=\"true\"><\/i><\/a><\/span><span><a href=\"https:\/\/x.com\/intent\/post?text=Reportage%20dans%20le%20milieu%20des%20sans-abri%20%C3%A0%20Charleroi&amp;url=https%3A%2F%2Fgrand-angle.lavenir.net%2Freportage-sans-abri-charleroi%2F\" target=\"_blank\" rel=\"noopener noreferrer\" title=\"X\" aria-label=\"X\" data-placement=\"top\" data-toggle=\"tooltip\" data-title=\"X\"><i class=\"fusion-social-network-icon fusion-tooltip fusion-twitter awb-icon-twitter\" style=\"color:#ffffff;background-color:#000000;border-color:#000000;border-radius:50%;\" aria-hidden=\"true\"><\/i><\/a><\/span><\/div><\/div><div class=\"fusion-clearfix\"><\/div><\/div><\/div><div class=\"fusion-layout-column fusion_builder_column fusion-builder-column-10 fusion_builder_column_5_6 5_6 fusion-five-sixth fusion-column-last\" style=\"--awb-bg-size:cover;width:83.3333333333%;width:calc(83.3333333333% - ( ( 4% ) * 0.833333333333 ) );\"><div class=\"fusion-column-wrapper fusion-flex-column-wrapper-legacy\"><div class=\"fusion-text fusion-text-7\"><h3 style=\"text-align: left;\">Vous avez aim\u00e9 ou d\u00e9test\u00e9 ce reportage ?<\/h3>\n<\/div><div class=\"fusion-alignleft\"><a class=\"fusion-button button-flat fusion-button-default-size button-default fusion-button-default button-1 fusion-button-default-span fusion-button-default-type\" target=\"_self\" href=\"#\" data-toggle=\"modal\" data-target=\".fusion-modal.modalsondage\"><span class=\"fusion-button-text awb-button__text awb-button__text--default\">Donnez-nous votre avis !<\/span><\/a><\/div><div class=\"fusion-clearfix\"><\/div><\/div><\/div><\/div><\/div>\n<\/p>\n","protected":false},"excerpt":{"rendered":"","protected":false},"author":1,"featured_media":0,"parent":0,"menu_order":0,"comment_status":"closed","ping_status":"closed","template":"100-width.php","meta":{"footnotes":""},"class_list":["post-5","page","type-page","status-publish","hentry"],"_links":{"self":[{"href":"https:\/\/grand-angle.lavenir.net\/reportage-sans-abri-charleroi\/wp-json\/wp\/v2\/pages\/5","targetHints":{"allow":["GET"]}}],"collection":[{"href":"https:\/\/grand-angle.lavenir.net\/reportage-sans-abri-charleroi\/wp-json\/wp\/v2\/pages"}],"about":[{"href":"https:\/\/grand-angle.lavenir.net\/reportage-sans-abri-charleroi\/wp-json\/wp\/v2\/types\/page"}],"author":[{"embeddable":true,"href":"https:\/\/grand-angle.lavenir.net\/reportage-sans-abri-charleroi\/wp-json\/wp\/v2\/users\/1"}],"replies":[{"embeddable":true,"href":"https:\/\/grand-angle.lavenir.net\/reportage-sans-abri-charleroi\/wp-json\/wp\/v2\/comments?post=5"}],"version-history":[{"count":0,"href":"https:\/\/grand-angle.lavenir.net\/reportage-sans-abri-charleroi\/wp-json\/wp\/v2\/pages\/5\/revisions"}],"wp:attachment":[{"href":"https:\/\/grand-angle.lavenir.net\/reportage-sans-abri-charleroi\/wp-json\/wp\/v2\/media?parent=5"}],"curies":[{"name":"wp","href":"https:\/\/api.w.org\/{rel}","templated":true}]}}