{"id":20,"date":"2017-03-13T14:28:11","date_gmt":"2017-03-13T13:28:11","guid":{"rendered":"http:\/\/grand-angle.lavenir.net\/hier\/?page_id=20"},"modified":"2017-03-13T15:25:35","modified_gmt":"2017-03-13T14:25:35","slug":"villers-le-temple-le-village-le-plus-festif-de-tous","status":"publish","type":"page","link":"https:\/\/grand-angle.lavenir.net\/hier\/villers-le-temple-le-village-le-plus-festif-de-tous\/","title":{"rendered":"Villers-le-Temple, le village le plus festif de tous"},"content":{"rendered":"<div class=\"fusion-fullwidth fullwidth-box fusion-builder-row-1 nonhundred-percent-fullwidth non-hundred-percent-height-scrolling\" style=\"--awb-border-radius-top-left:0px;--awb-border-radius-top-right:0px;--awb-border-radius-bottom-right:0px;--awb-border-radius-bottom-left:0px;--awb-flex-wrap:wrap;\" ><div class=\"fusion-builder-row fusion-row\"><div class=\"fusion-layout-column fusion_builder_column fusion-builder-column-0 fusion_builder_column_1_1 1_1 fusion-one-full fusion-column-first fusion-column-last\" style=\"--awb-bg-size:cover;\"><div class=\"fusion-column-wrapper fusion-flex-column-wrapper-legacy\"><div class=\"fusion-text fusion-text-1\"><h2 style=\"text-align: center;\">Villers-le-Temple, le village le plus festif de tous<\/h2>\n<\/div><div class=\"fusion-image-element fusion-image-align-center in-legacy-container\" style=\"text-align:center;--awb-caption-title-font-family:var(--h2_typography-font-family);--awb-caption-title-font-weight:var(--h2_typography-font-weight);--awb-caption-title-font-style:var(--h2_typography-font-style);--awb-caption-title-size:var(--h2_typography-font-size);--awb-caption-title-transform:var(--h2_typography-text-transform);--awb-caption-title-line-height:var(--h2_typography-line-height);--awb-caption-title-letter-spacing:var(--h2_typography-letter-spacing);\"><div class=\"imageframe-align-center\"><span class=\" fusion-imageframe imageframe-none imageframe-1 hover-type-zoomin\"><img decoding=\"async\" width=\"2200\" height=\"1347\" title=\"1443615_201608090921378045093\" src=\"https:\/\/grand-angle.lavenir.net\/hier\/wp-content\/uploads\/sites\/7\/2017\/03\/1443615_201608090921378045093.jpg\" alt class=\"img-responsive wp-image-70\" srcset=\"https:\/\/grand-angle.lavenir.net\/hier\/wp-content\/uploads\/sites\/7\/2017\/03\/1443615_201608090921378045093-200x122.jpg 200w, https:\/\/grand-angle.lavenir.net\/hier\/wp-content\/uploads\/sites\/7\/2017\/03\/1443615_201608090921378045093-400x245.jpg 400w, https:\/\/grand-angle.lavenir.net\/hier\/wp-content\/uploads\/sites\/7\/2017\/03\/1443615_201608090921378045093-600x367.jpg 600w, https:\/\/grand-angle.lavenir.net\/hier\/wp-content\/uploads\/sites\/7\/2017\/03\/1443615_201608090921378045093-800x490.jpg 800w, https:\/\/grand-angle.lavenir.net\/hier\/wp-content\/uploads\/sites\/7\/2017\/03\/1443615_201608090921378045093-1200x735.jpg 1200w, https:\/\/grand-angle.lavenir.net\/hier\/wp-content\/uploads\/sites\/7\/2017\/03\/1443615_201608090921378045093.jpg 2200w\" sizes=\"(max-width: 800px) 100vw, 1200px\" \/><\/span><\/div><\/div><div class=\"fusion-text fusion-text-2\"><div class=\"vc_row wpb_row section vc_row-fluid \">\n<div class=\" full_section_inner clearfix\">\n<div class=\"wpb_column vc_column_container vc_col-sm-12\">\n<div class=\"vc_column-inner \">\n<div class=\"wpb_wrapper\">\n<div class=\"wpb_text_column wpb_content_element \">\n<div class=\"wpb_wrapper\">\n<p><strong>Depuis toujours, Villers-le-Temple a la r\u00e9putation d\u2019\u00eatre un village de joyeux guindailleurs. On reste d\u2019ailleurs Villersois de g\u00e9n\u00e9ration en g\u00e9n\u00e9ration.<\/strong><\/p>\n<p>Jojo Halleux fait partie de ces belles et grandes familles bien ancr\u00e9es dans la vie de Villers-le-Temple, petit village \u00e0 Nandrin, non loin de ses voisins scrytois et stratois.<\/p>\n<p>\u00ab<i> Nous \u00e9tions une grande famille de fermier, nous \u00e9tions 10 enfants<\/i>, raconte Joseph Halleux, \u00e2g\u00e9 d\u00e9sormais de 81 ans. <i>On habitait \u00e0 Cl\u00e9modeau, dans une grande ferme. On s\u2019y plaisait tr\u00e8s bien, on \u00e9tait entour\u00e9 d\u2019amis. On allait danser au bal de l\u2019AJAP, Association de la jeunesse agricole qui s\u2019organisait dans les diff\u00e9rentes salles du village. Puis on est redescendu au ch\u00e2teau de Yern\u00e9e.<\/i>\u00bb<\/p>\n<p>La vie associative des Halleux et des grandes familles fermi\u00e8res de l\u2019\u00e9poque, elle tournait beaucoup autour de la vie agricole, puis de la messe. \u00ab<i>On organisait souvent des f\u00eates \u00e0 la ferme, quatre \u00e0 cinq fois l\u2019ann\u00e9e. C\u2019\u00e9tait des surprises party, comme on appelait \u00e7a \u00e0 l\u2019\u00e9poque. Des soir\u00e9es dansantes avec les parents qui surveillaient du coin de l\u2019\u0153il. \u00c0 c\u00f4t\u00e9 de \u00e7a, il y avait l\u2019incontournable f\u00eate de la moisson o\u00f9 l\u2019on invitait les employ\u00e9s saisonniers \u00e0 c\u00e9l\u00e9brer les derni\u00e8res charr\u00e9es de paille.<\/i>\u00bb<\/p>\n<p><b>Villers en autarcie<\/b><\/p>\n<p>La route du Condroz, depuis toujours, constituait une vraie barri\u00e8re entre Nandrin et Villers-le-Temple.<\/p>\n<p>\u00c0 l\u2019\u00e9poque, la rue de la Tourette, celle qui descend de la place de Villers vers Outrelouxhe, \u00e9tait l\u2019art\u00e8re principale o\u00f9 s\u2019encha\u00eenaient, petits commerces et caf\u00e9s. \u00ab<i>Il y avait un centre de bien-\u00eatre, une librairie, un barbier, un coiffeur, un marchand de chaussures, des \u00e9piceries et m\u00eame un restaurant<\/i>\u00bb, \u00e9num\u00e8re Jojo. La maison communale \u00e9tait situ\u00e9e non loin de l\u00e0, \u00e0 la place de l\u2019\u00e9cole communale actuelle.<\/p>\n<p>Villers, c\u2019\u00e9tait donc comme un petit village de Schtroumpfs dont les habitants sont tr\u00e8s vite devenus une grande famille au sens propre et figur\u00e9. \u00ab<i> De m\u00e9moire, les Villersois ont toujours \u00e9t\u00e9 tr\u00e8s festifs<\/i>\u00bb, rit Jojo Halleux.<\/p>\n<p>Aller boire un verre apr\u00e8s le travail dans les champs ou \u00e0 l\u2019usine, c\u2019\u00e9tait le loisir de tous, et ce ne sont pas les caf\u00e9s qui manquaient. \u00ab<i>Il y avait l\u2019actuel caf\u00e9 des sports, qui a \u00e9t\u00e9 tenu par pr\u00e8s de six personnes depuis sa cr\u00e9ation. <\/i>\u00bb<\/p>\n<p>Encore actuellement, d\u2019ailleurs, Sandrine, la g\u00e9rante, et son caf\u00e9 est le lieu de retrouvailles de bon nombre de Villersois qui n\u2019ont plus envie d\u2019attendre la f\u00eate du village.<\/p>\n<p>\u00ab<i>Apr\u00e8s la messe, il y avait la fricass\u00e9e<\/i>\u00bb, se souvient-il encore. Plus g\u00e9n\u00e9ralement, il doit bien avouer que les f\u00eates chr\u00e9tiennes \u00e9taient l\u2019occasion d\u2019aller boire un verre apr\u00e8s, ne f\u00fbt-ce que pour dig\u00e9rer l\u2019hostie.<\/p>\n<p>Tous les Villersois se souviennent \u00e9galement des jeux de quilles et des repr\u00e9sentations th\u00e9\u00e2trales \u00e0 \u00abE mon Davin\u00bb, en face de la Commanderie.<\/p>\n<p>Les comit\u00e9s des f\u00eates, les animations et les activit\u00e9s \u00e9taient nombreux pour sortir les gens de chez eux. \u00ab<i>Tous les enfants et petits-enfants qui ont v\u00e9cu \u00e0 Villers et ont d\u00fb quitter le village esp\u00e8rent un jour y revenir.<\/i>\u00bb<\/p>\n<p>Bien avant d\u2019aller danser au Monast\u00e8re, le Villersois n\u2019aurait quitt\u00e9 pour rien au monde son petit village.<\/p>\n<p>L\u00e9gende photo:\u00a0Le centre de Villers, c\u2019\u00e9tait la place et la rue de la Tourette o\u00f9 \u00e9taient situ\u00e9s tous les commerces du village.<\/p>\n<\/div>\n<\/div>\n<\/div>\n<\/div>\n<\/div>\n<\/div>\n<\/div>\n<\/div><div class=\"fusion-clearfix\"><\/div><\/div><\/div><div class=\"fusion-layout-column fusion_builder_column fusion-builder-column-1 fusion_builder_column_1_2 1_2 fusion-one-half fusion-column-first\" style=\"--awb-bg-size:cover;width:50%;width:calc(50% - ( ( 4% ) * 0.5 ) );margin-right: 4%;\"><div class=\"fusion-column-wrapper fusion-flex-column-wrapper-legacy\"><div class=\"fusion-text fusion-text-3\"><div class=\"wpb_column vc_column_container vc_col-sm-6\">\n<div class=\"vc_column-inner \">\n<div class=\"wpb_wrapper\">\n<div class=\"wpb_text_column wpb_content_element \">\n<div class=\"wpb_wrapper\">\n<h2>\u00ab On vidait sa goutte partout \u00bb<\/h2>\n<p><b>M\u00eame s\u2019il y avait beaucoup plus de caf\u00e9s \u00e0 l\u2019\u00e9poque<\/b><strong>, toutes les occasions et les endroits \u00e9taient bons pour boire un petit coup.<\/strong><\/p>\n<p>\u00abM<i>a maman tenait une \u00e9picerie rue Cl\u00e9modeau <\/i>\u00bb, se souvient Louis Delr\u00e9e, un autre v\u00e9t\u00e9ran du village tr\u00e8s au fait de la vie festive de l\u2019\u00e9poque. <i>Le soir, quelle que soit l\u2019occasion, on venait danser chez moi et vider sa goutte. C\u2019\u00e9tait caf\u00e9 partout, m\u00eame si on n\u2019avait pas les autorisations pour, l\u2019occasion de se rencontrer, puis \u00e7a faisait rentrer de l\u2019argent<\/i>\u00bb, sourit-il.<\/p>\n<p>Le quartier de Cl\u00e9modeau avait lui aussi son petit centre d\u2019activit\u00e9s et les bals et les guinguettes de la f\u00eate de quartier restent, pour Louis et ses voisins, des joyeux souvenirs. \u00ab<i>On se connaissait de g\u00e9n\u00e9ration en g\u00e9n\u00e9ration. Les hommes se retrouvaient pour jouer aux couillons ou \u00e0 la belote au bistro<\/i> t.\u00bb \u00c0 Villers, on faisait aussi souvent des jeux d\u2019argent. C\u2019\u00e9tait le d\u00e9but de la \u00abbizawe\u00bb, l\u2019anc\u00eatre du flipper, un jeu qui a souvent vid\u00e9 les portefeuilles des uns et des autres. \u00ab<i> J\u2019en connais qui venait \u00e0 la f\u00eate avec leurs tartines pour grignoter un bout \u00e0 4 h du mat apr\u00e8s tous ces jeux<\/i>\u00bb, rit-il encore.<\/p>\n<p>Outre la f\u00eate du village et les quelques pi\u00e8ces de th\u00e9\u00e2tre et fanfare, les Villersois avaient l\u2019occasion de se voir au football, le RSC Templiers, un club qui a beaucoup boug\u00e9 sur la commune \u00e0 l\u2019\u00e9poque. \u00ab<i>\u00c7a drainait pas mal de monde, m\u00eame les femmes venaient voir les matches, qu\u2019elles aient ou pas un mari ou un enfant qui jouait. C\u2019\u00e9tait l\u2019occasion de se rencontrer. <\/i>\u00bb Vers 1974 a \u00e9t\u00e9 cr\u00e9\u00e9 le tennis qui a \u00e9galement rassembl\u00e9 beaucoup de Villersois, ne f\u00fbt-ce qu\u2019autour d\u2019un verre \u00e0 la buvette.<\/p>\n<\/div>\n<\/div>\n<\/div>\n<\/div>\n<\/div>\n<\/div><div class=\"fusion-clearfix\"><\/div><\/div><\/div><div class=\"fusion-layout-column fusion_builder_column fusion-builder-column-2 fusion_builder_column_1_2 1_2 fusion-one-half fusion-column-last\" style=\"--awb-bg-size:cover;width:50%;width:calc(50% - ( ( 4% ) * 0.5 ) );\"><div class=\"fusion-column-wrapper fusion-flex-column-wrapper-legacy\"><div class=\"fusion-image-element in-legacy-container\" style=\"--awb-caption-title-font-family:var(--h2_typography-font-family);--awb-caption-title-font-weight:var(--h2_typography-font-weight);--awb-caption-title-font-style:var(--h2_typography-font-style);--awb-caption-title-size:var(--h2_typography-font-size);--awb-caption-title-transform:var(--h2_typography-text-transform);--awb-caption-title-line-height:var(--h2_typography-line-height);--awb-caption-title-letter-spacing:var(--h2_typography-letter-spacing);\"><span class=\" fusion-imageframe imageframe-none imageframe-2 hover-type-zoomin\"><img decoding=\"async\" width=\"1887\" height=\"2879\" title=\"S\u00e9rie VLT Halleux Delr\u00e9e\" src=\"https:\/\/grand-angle.lavenir.net\/hier\/wp-content\/uploads\/sites\/7\/2017\/03\/1443618_201608090922486639542.jpg\" alt class=\"img-responsive wp-image-21\" srcset=\"https:\/\/grand-angle.lavenir.net\/hier\/wp-content\/uploads\/sites\/7\/2017\/03\/1443618_201608090922486639542-200x305.jpg 200w, https:\/\/grand-angle.lavenir.net\/hier\/wp-content\/uploads\/sites\/7\/2017\/03\/1443618_201608090922486639542-400x610.jpg 400w, https:\/\/grand-angle.lavenir.net\/hier\/wp-content\/uploads\/sites\/7\/2017\/03\/1443618_201608090922486639542-600x915.jpg 600w, https:\/\/grand-angle.lavenir.net\/hier\/wp-content\/uploads\/sites\/7\/2017\/03\/1443618_201608090922486639542-800x1221.jpg 800w, https:\/\/grand-angle.lavenir.net\/hier\/wp-content\/uploads\/sites\/7\/2017\/03\/1443618_201608090922486639542-1200x1831.jpg 1200w, https:\/\/grand-angle.lavenir.net\/hier\/wp-content\/uploads\/sites\/7\/2017\/03\/1443618_201608090922486639542.jpg 1887w\" sizes=\"(max-width: 800px) 100vw, 600px\" \/><\/span><\/div><div class=\"fusion-clearfix\"><\/div><\/div><\/div><\/div><\/div>\n","protected":false},"excerpt":{"rendered":"","protected":false},"author":1,"featured_media":0,"parent":0,"menu_order":0,"comment_status":"closed","ping_status":"closed","template":"","meta":{"footnotes":""},"class_list":["post-20","page","type-page","status-publish","hentry"],"_links":{"self":[{"href":"https:\/\/grand-angle.lavenir.net\/hier\/wp-json\/wp\/v2\/pages\/20","targetHints":{"allow":["GET"]}}],"collection":[{"href":"https:\/\/grand-angle.lavenir.net\/hier\/wp-json\/wp\/v2\/pages"}],"about":[{"href":"https:\/\/grand-angle.lavenir.net\/hier\/wp-json\/wp\/v2\/types\/page"}],"author":[{"embeddable":true,"href":"https:\/\/grand-angle.lavenir.net\/hier\/wp-json\/wp\/v2\/users\/1"}],"replies":[{"embeddable":true,"href":"https:\/\/grand-angle.lavenir.net\/hier\/wp-json\/wp\/v2\/comments?post=20"}],"version-history":[{"count":0,"href":"https:\/\/grand-angle.lavenir.net\/hier\/wp-json\/wp\/v2\/pages\/20\/revisions"}],"wp:attachment":[{"href":"https:\/\/grand-angle.lavenir.net\/hier\/wp-json\/wp\/v2\/media?parent=20"}],"curies":[{"name":"wp","href":"https:\/\/api.w.org\/{rel}","templated":true}]}}