{"id":6,"date":"2018-01-24T15:53:51","date_gmt":"2018-01-24T14:53:51","guid":{"rendered":"http:\/\/grand-angle.lavenir.net\/gadenne\/?page_id=6"},"modified":"2019-09-23T14:39:19","modified_gmt":"2019-09-23T12:39:19","slug":"chronologie","status":"publish","type":"page","link":"https:\/\/grand-angle.lavenir.net\/gadenne\/","title":{"rendered":"Alfred Gadenne, assassin\u00e9 dans son cimeti\u00e8re"},"content":{"rendered":"<p><div class=\"fusion-fullwidth fullwidth-box fusion-builder-row-1 nonhundred-percent-fullwidth non-hundred-percent-height-scrolling\" style=\"--awb-border-radius-top-left:0px;--awb-border-radius-top-right:0px;--awb-border-radius-bottom-right:0px;--awb-border-radius-bottom-left:0px;--awb-flex-wrap:wrap;\" ><div class=\"fusion-builder-row fusion-row\"><div class=\"fusion-layout-column fusion_builder_column fusion-builder-column-0 fusion_builder_column_1_1 1_1 fusion-one-full fusion-column-first fusion-column-last\" style=\"--awb-bg-size:cover;\"><div class=\"fusion-column-wrapper fusion-flex-column-wrapper-legacy\"><div class=\"fusion-sharing-box fusion-sharing-box-1 boxed-icons has-taglines layout-floated layout-medium-floated layout-small-floated\" style=\"background-color:rgba(255,255,255,0);padding:0;--awb-layout:row;--awb-alignment-small:space-between;\" data-title=\"Alfred Gadenne, assassin\u00e9 dans son cimeti\u00e8re\" data-description=\"Le 11 septembre \u00e9tait d\u00e9j\u00e0 une date tristement connue dans l\u2019Histoire suite aux attentats du World Trade Center. En 2017, ce jour est devenu encore plus funeste pour la plupart des Mouscronnois. Mouscronnois qui ont perdu leur bourgmestre, Alfred Gadenne, dans des circonstances tragiques.\" data-link=\"https:\/\/grand-angle.lavenir.net\/gadenne\/\"><div class=\"fusion-social-networks sharingbox-shortcode-icon-wrapper sharingbox-shortcode-icon-wrapper-1 boxed-icons\"><span><a href=\"https:\/\/www.facebook.com\/sharer.php?u=https%3A%2F%2Fgrand-angle.lavenir.net%2Fgadenne%2F&amp;t=Alfred%20Gadenne%2C%20assassin%C3%A9%20dans%20son%20cimeti%C3%A8re\" target=\"_blank\" rel=\"noreferrer\" title=\"Facebook\" aria-label=\"Facebook\" data-placement=\"top\" data-toggle=\"tooltip\" data-title=\"Facebook\"><i class=\"fusion-social-network-icon fusion-tooltip fusion-facebook awb-icon-facebook\" style=\"color:#ffffff;background-color:#3b5998;border-color:#3b5998;border-radius:50%;\" aria-hidden=\"true\"><\/i><\/a><\/span><span><a href=\"https:\/\/x.com\/intent\/post?text=Alfred%20Gadenne%2C%20assassin%C3%A9%20dans%20son%20cimeti%C3%A8re&amp;url=https%3A%2F%2Fgrand-angle.lavenir.net%2Fgadenne%2F\" target=\"_blank\" rel=\"noopener noreferrer\" title=\"X\" aria-label=\"X\" data-placement=\"top\" data-toggle=\"tooltip\" data-title=\"X\"><i class=\"fusion-social-network-icon fusion-tooltip fusion-twitter awb-icon-twitter\" style=\"color:#ffffff;background-color:#000000;border-color:#000000;border-radius:50%;\" aria-hidden=\"true\"><\/i><\/a><\/span><\/div><\/div><div class=\"fusion-text fusion-text-1\"><p>Le 11 septembre \u00e9tait d\u00e9j\u00e0 une date tristement connue dans l\u2019Histoire suite aux attentats du World Trade Center. En 2017, ce jour est devenu encore plus funeste pour la plupart des Mouscronnois. Mouscronnois qui ont perdu leur bourgmestre, Alfred Gadenne, dans des circonstances tragiques.<\/p>\n<p>C\u2019\u00e9tait pourtant une journ\u00e9e classique dans le quotidien du ma\u00efeur, \u00e9lu en 2006. Rien ne laissait pr\u00e9sager une telle fin\u2026 En matin\u00e9e, Alfred Gadenne avait eu sa r\u00e9union hebdomadaire avec le chef de zone de police, Jean-Michel Joseph. En fin d\u2019apr\u00e8s-midi, il avait pr\u00e9sid\u00e9 le coll\u00e8ge communal, comme il le faisait tous les lundis. \u00c0 la fin de la s\u00e9ance, il \u00e9tait rest\u00e9 pour discuter avec ses \u00e9chevines, Marie-H\u00e9l\u00e8ne Vanelstraete et Brigitte Aubert. Cette derni\u00e8re confiait : \u00ab\u2009Comme mon fils avait pris ma voiture, il m\u2019a reconduit. On a beaucoup parl\u00e9 durant le trajet. Notamment de son ap\u00e9ro qui s\u2019\u00e9tait d\u00e9roul\u00e9 la veille. Il m\u2019a d\u00e9pos\u00e9 sur le parking face \u00e0 mon habitation et on a continu\u00e9 \u00e0 parler. Je ne vais jamais oublier le dernier sourire qu\u2019il m\u2019a lanc\u00e9\u2009\u00bb.<\/p>\n<\/div><div class=\"fusion-text fusion-text-2\"><h2 style=\"text-align: center;\">\u00ab\u2009Ha, le fils d\u2019Olivier\u2009? Je ne t\u2019avais pas reconnu car tu as bien grandi\u2009\u00bb<\/h2>\n<\/div><div class=\"fusion-text fusion-text-3\"><p>Alfred Gadenne \u00e9tait alors rentr\u00e9 chez lui, avait rapidement salu\u00e9 sa femme, Agn\u00e8s Nuttens, avant d\u2019aller faire un geste qu\u2019il posait tous les soirs : fermer les grilles de son cimeti\u00e8re de Luingne. Comme \u00e0 son habitude, il avait commenc\u00e9 par la porte secondaire avant de revenir vers la principale, la plus proche de son habitation. L\u00e0, il avait \u00e9t\u00e9 apostroph\u00e9 par un jeune homme qui lui demandait de venir v\u00e9rifier un probl\u00e8me sur une tombe avant de lancer : \u00ab\u2009Vous me reconnaissez\u2009?\u2009\u00bb. Le bourgmestre avait r\u00e9pondu par la n\u00e9gative. C\u2019est alors que le gar\u00e7on s\u2019\u00e9tait pr\u00e9sent\u00e9 comme Nathan Duponcheel. \u00ab\u2009Ha, le fils d\u2019Olivier\u2009? Je ne t\u2019avais pas reconnu car tu as bien grandi\u2009\u00bb, avait souri le bourgmestre. Une r\u00e9ponse prise comme une provocation par Nathan. Il avait alors attendu que le bourgmestre se retourne pour sortir son cutter et frapper une premi\u00e8re fois \u00e0 la gorge. Lors des auditions, l\u2019accus\u00e9 avouera un second coup, quand la victime \u00e9tait au sol. Plus tard, l\u2019autopsie fera \u00e9tat d\u2019une dizaine de coups, dont des l\u00e9sions de d\u00e9fense laissant imaginer une lutte.<\/p>\n<\/div><div class=\"fusion-clearfix\"><\/div><\/div><\/div><\/div><div class=\"fusion-builder-row fusion-row\"><\/div><\/div><div class=\"fusion-fullwidth fullwidth-box fusion-builder-row-2 nonhundred-percent-fullwidth non-hundred-percent-height-scrolling\" style=\"--awb-border-radius-top-left:0px;--awb-border-radius-top-right:0px;--awb-border-radius-bottom-right:0px;--awb-border-radius-bottom-left:0px;--awb-flex-wrap:wrap;\" ><\/div><div class=\"fusion-fullwidth fullwidth-box fusion-builder-row-3 nonhundred-percent-fullwidth non-hundred-percent-height-scrolling\" style=\"--awb-border-radius-top-left:0px;--awb-border-radius-top-right:0px;--awb-border-radius-bottom-right:0px;--awb-border-radius-bottom-left:0px;--awb-flex-wrap:wrap;\" ><div class=\"fusion-builder-row fusion-row\"><div class=\"fusion-layout-column fusion_builder_column fusion-builder-column-1 fusion_builder_column_1_1 1_1 fusion-one-full fusion-column-first fusion-column-last\" style=\"--awb-bg-size:cover;\"><div class=\"fusion-column-wrapper fusion-flex-column-wrapper-legacy\"><div class=\"fusion-text fusion-text-4\"><h2 style=\"text-align: center;\">\u00abQuand vous verrez son cadavre, vous comprendrez pourquoi j\u2019ai veng\u00e9 mon p\u00e8re\u2009\u2009\u00bb<\/h2>\n<\/div><div class=\"fusion-clearfix\"><\/div><\/div><\/div><\/div><\/div><div class=\"fusion-fullwidth fullwidth-box fusion-builder-row-4 nonhundred-percent-fullwidth non-hundred-percent-height-scrolling\" style=\"--awb-border-radius-top-left:0px;--awb-border-radius-top-right:0px;--awb-border-radius-bottom-right:0px;--awb-border-radius-bottom-left:0px;--awb-flex-wrap:wrap;\" ><div class=\"fusion-builder-row fusion-row\"><div class=\"fusion-layout-column fusion_builder_column fusion-builder-column-2 fusion_builder_column_1_1 1_1 fusion-one-full fusion-column-first fusion-column-last\" style=\"--awb-bg-size:cover;\"><div class=\"fusion-column-wrapper fusion-flex-column-wrapper-legacy\"><div class=\"fusion-text fusion-text-5\"><p>Apr\u00e8s cette sc\u00e8ne, Nathan avait pris rapidement conscience de son acte. Il avait tent\u00e9 de colmater l\u2019h\u00e9morragie avec ses mains, en vain\u2026 Avec son GSM, il allait ensuite composer le 112 et 101 pour pr\u00e9venir les services de secours qu\u2019il venait d\u2019assassiner le ma\u00efeur. \u00c0 l\u2019arriv\u00e9e des patrouilles, il n\u2019avait montr\u00e9 aucune r\u00e9sistance. Il avait pr\u00e9cis\u00e9 : \u00ab\u2009Cela ne sert \u00e0 rien d\u2019aller le voir. Il est d\u00e9j\u00e0 mort. Quand vous verrez son cadavre, vous comprendrez pourquoi j\u2019ai veng\u00e9 mon p\u00e8re\u2009\u00bb.<\/p>\n<p>La vengeance sera effectivement le mobile qui sortira tr\u00e8s rapidement durant l\u2019enqu\u00eate. Nathan Duponcheel tenait, en effet, pour responsable Alfred Gadenne pour le licenciement de son p\u00e8re. Un p\u00e8re qui s\u2019\u00e9tait suicid\u00e9 un jour de Saint-Valentin. Le jeune homme ne s\u2019en est jamais remis et avait laiss\u00e9 ses ressentiments se transformer en envie de vengeance. Ce qui l\u2019aura conduit \u00e0 ce geste irr\u00e9m\u00e9diable\u2026<\/p>\n<\/div><div class=\"fusion-clearfix\"><\/div><\/div><\/div><\/div><\/div><div class=\"fusion-fullwidth fullwidth-box fusion-builder-row-5 nonhundred-percent-fullwidth non-hundred-percent-height-scrolling\" style=\"--awb-border-radius-top-left:0px;--awb-border-radius-top-right:0px;--awb-border-radius-bottom-right:0px;--awb-border-radius-bottom-left:0px;--awb-flex-wrap:wrap;\" ><div class=\"fusion-builder-row fusion-row\"><div class=\"fusion-layout-column fusion_builder_column fusion-builder-column-3 fusion_builder_column_1_1 1_1 fusion-one-full fusion-column-first fusion-column-last\" style=\"--awb-bg-size:cover;\"><div class=\"fusion-column-wrapper fusion-flex-column-wrapper-legacy\"><style>\n.chapitre figure {\n\tposition: relative;\n\toverflow: hidden;\n\tmargin: 10px 1%;\n\t\/*max-width: 480px;\n\tmax-height: 360px;*\/\n\tbackground: #3085a3;\n\ttext-align: center;\n\tcursor: pointer;\n}\n\n.chapitre figure img {\n\tposition: relative;\n\tdisplay: block;\n\tmin-height: 100%;\n\tmax-width: 100%;\n\topacity: 0.8;\n}\n\n.chapitre figure figcaption {\n\tpadding: 2em;\n\tcolor: #fff;\n\ttext-transform: uppercase;\n\tfont-size: 1.25em;\n\t-webkit-backface-visibility: hidden;\n\tbackface-visibility: hidden;\n}\n\n.chapitre figure figcaption::before,\n.chapitre figure figcaption::after {\n\tpointer-events: none;\n}\n\n.chapitre figure figcaption,\n.chapitre figure figcaption > a {\n\tposition: absolute;\n\ttop: 0;\n\tleft: 0;\n\twidth: 100%;\n\theight: 100%;\n}\n.chapitre figure figcaption a {\n\tz-index: 1000;\n\twhite-space: nowrap;\n\tdisplay: block;\n}\nfigure.effect-goliath {\n\tbackground: #E9A825;\n\tbackground: #f05858;;\n}\n\nfigure.effect-goliath img.hover {\nopacity: 0;\nposition: absolute;\ntop: 0;\nleft: 0;\n\n}\nfigure.effect-goliath img,\nfigure.effect-goliath h2 {\n\t-webkit-transition: -webkit-transform 0.35s;\n\ttransition:  opacity 0.35s,transform 0.35s;\n}\n\nfigure.effect-goliath img {\n\t-webkit-backface-visibility: hidden;\n\tbackface-visibility: hidden;\n}\n\nfigure.effect-goliath h2,\nfigure.effect-goliath p {\n\tposition: absolute;\n\tbottom: 0;\n\tleft: 0;\n\tpadding: 10px;\n}\nfigure.effect-goliath h2 {\n\tposition: absolute;\n\tbottom: 0;\n\tleft: 0;\n\tpadding: 30px;\n\tcolor: #FFF;\n\tfont-weight: bold !important;\n\tfont-size: 24px !important;\n\ttext-shadow: 0px 0px 4px rgba(0,0,0,0.9);\n\tmargin: 0;\n\t\/* padding-bottom: 10px; *\/\n}\n\nfigure.effect-goliath p {\n\ttext-transform: none;\n\tfont-size: 90%;\n\topacity: 0;\n\t-webkit-transition: opacity 0.35s, -webkit-transform 0.35s;\n\ttransition: opacity 0.35s, transform 0.35s;\n\t-webkit-transform: translate3d(0,50px,0);\n\ttransform: translate3d(0,50px,0);\n       margin-bottom: 0px;\n}\n\nfigure.effect-goliath:hover img {\n\t-webkit-transform: translate3d(0,-75px,0);\n\ttransform: translate3d(0,-75px,0);\n}\nfigure.effect-goliath:hover img.hover {\n       opacity: 1;\n}\n\nfigure.effect-goliath:hover h2 {\n\t-webkit-transform: translate3d(0,-100px,0);\n\ttransform: translate3d(0,-100px,0);\n}\n\nfigure.effect-goliath:hover p {\n\topacity: 1;\n\t-webkit-transform: translate3d(0,0,0);\n\ttransform: translate3d(0,0,0);\n}\n<\/style><div class=\"fusion-sharing-box fusion-sharing-box-2 boxed-icons has-taglines layout-floated layout-medium-floated layout-small-floated\" style=\"background-color:rgba(255,255,255,0);padding:0;--awb-layout:row;--awb-alignment-small:space-between;\" data-title=\"Alfred Gadenne, le bourgmestre assassin\u00e9 par vengeance\" data-description=\"Le 11 septembre 2017, le ma\u00efeur \u00e9tait retrouv\u00e9 \u00e9gorg\u00e9 dans son cimeti\u00e8re de Luingne (Mouscron). Tu\u00e9 par un de ses condisciples, Nathan Duponcheel.\" data-link=\"https:\/\/grand-angle.lavenir.net\/gadenne\/\"><div class=\"fusion-social-networks sharingbox-shortcode-icon-wrapper sharingbox-shortcode-icon-wrapper-2 boxed-icons\"><span><a href=\"https:\/\/www.facebook.com\/sharer.php?u=https%3A%2F%2Fgrand-angle.lavenir.net%2Fgadenne%2F&amp;t=Alfred%20Gadenne%2C%20le%20bourgmestre%20assassin%C3%A9%20par%20vengeance\" target=\"_blank\" rel=\"noreferrer\" title=\"Facebook\" aria-label=\"Facebook\" data-placement=\"top\" data-toggle=\"tooltip\" data-title=\"Facebook\"><i class=\"fusion-social-network-icon fusion-tooltip fusion-facebook awb-icon-facebook\" style=\"color:#ffffff;background-color:#3b5998;border-color:#3b5998;border-radius:50%;\" aria-hidden=\"true\"><\/i><\/a><\/span><span><a href=\"https:\/\/x.com\/intent\/post?text=Alfred%20Gadenne%2C%20le%20bourgmestre%20assassin%C3%A9%20par%20vengeance&amp;url=https%3A%2F%2Fgrand-angle.lavenir.net%2Fgadenne%2F\" target=\"_blank\" rel=\"noopener noreferrer\" title=\"X\" aria-label=\"X\" data-placement=\"top\" data-toggle=\"tooltip\" data-title=\"X\"><i class=\"fusion-social-network-icon fusion-tooltip fusion-twitter awb-icon-twitter\" style=\"color:#ffffff;background-color:#000000;border-color:#000000;border-radius:50%;\" aria-hidden=\"true\"><\/i><\/a><\/span><\/div><\/div><div class=\"fusion-clearfix\"><\/div><\/div><\/div><div class=\"fusion-layout-column fusion_builder_column fusion-builder-column-4 fusion_builder_column_1_2 1_2 fusion-one-half fusion-column-first\" style=\"--awb-bg-size:cover;width:50%;width:calc(50% - ( ( 4% ) * 0.5 ) );margin-right: 4%;\"><div class=\"fusion-column-wrapper fusion-flex-column-wrapper-legacy\"><div class=\"chapitre\">\n  <a href=\"https:\/\/grand-angle.lavenir.net\/gadenne\/\">\n    <figure class=\"effect-goliath\">\n      <img decoding=\"async\" class=\"alignnone\" src=\"https:\/\/grand-angle.lavenir.net\/gadenne\/wp-content\/uploads\/sites\/85\/2019\/09\/112201_201210051130586395000-copy-copy.jpg\">\n      <figcaption>\n        <h2 data-fontsize=\"24\" data-lineheight=\"36\">Chapitre I<\/h2>\n        <p>\n          Alfred Gadenne, assassin\u00e9 dans son cimeti\u00e8re\n        <\/p>\n      <\/figcaption>\n    <\/figure>\n  <\/a>\n<\/div><div class=\"fusion-clearfix\"><\/div><\/div><\/div><div class=\"fusion-layout-column fusion_builder_column fusion-builder-column-5 fusion_builder_column_1_2 1_2 fusion-one-half fusion-column-last\" style=\"--awb-bg-size:cover;width:50%;width:calc(50% - ( ( 4% ) * 0.5 ) );\"><div class=\"fusion-column-wrapper fusion-flex-column-wrapper-legacy\"><div class=\"chapitre\">\n  <a href=\"https:\/\/grand-angle.lavenir.net\/gadenne\/il-a-brise-son-bracelet-et-sest-arme-dun-couteau\/\">\n    <figure class=\"effect-goliath\">\n      <img decoding=\"async\" class=\"alignnone\" src=\"https:\/\/grand-angle.lavenir.net\/gadenne\/wp-content\/uploads\/sites\/85\/2019\/09\/17jan-1.jpg\">\n      <figcaption>\n        <h2 data-fontsize=\"24\" data-lineheight=\"36\">Chapitre II<\/h2>\n        <p>\n          Il a bris\u00e9 son bracelet et s\u2019est arm\u00e9 d\u2019un couteau\n        <\/p>\n      <\/figcaption>\n    <\/figure>\n  <\/a>\n<\/div><div class=\"fusion-clearfix\"><\/div><\/div><\/div><div class=\"fusion-layout-column fusion_builder_column fusion-builder-column-6 fusion_builder_column_1_2 1_2 fusion-one-half fusion-column-first\" style=\"--awb-bg-size:cover;width:50%;width:calc(50% - ( ( 4% ) * 0.5 ) );margin-right: 4%;\"><div class=\"fusion-column-wrapper fusion-flex-column-wrapper-legacy\"><div class=\"chapitre\">\n  <a href=\"https:\/\/grand-angle.lavenir.net\/gadenne\/de-fermier-a-bourgmestre-bien-aime\/\">\n    <figure class=\"effect-goliath\">\n      <img decoding=\"async\" class=\"alignnone\" src=\"https:\/\/grand-angle.lavenir.net\/gadenne\/wp-content\/uploads\/sites\/85\/2019\/09\/chapgadenne-copy.jpg\">\n      <figcaption>\n        <h2 data-fontsize=\"24\" data-lineheight=\"36\">Chapitre III<\/h2>\n        <p>\n          De fermier \u00e0 bourgmestre bien-aim\u00e9\n        <\/p>\n      <\/figcaption>\n    <\/figure>\n  <\/a>\n<\/div><div class=\"fusion-clearfix\"><\/div><\/div><\/div><div class=\"fusion-layout-column fusion_builder_column fusion-builder-column-7 fusion_builder_column_1_2 1_2 fusion-one-half fusion-column-last\" style=\"--awb-bg-size:cover;width:50%;width:calc(50% - ( ( 4% ) * 0.5 ) );\"><div class=\"fusion-column-wrapper fusion-flex-column-wrapper-legacy\"><div class=\"chapitre\">\n  <a href=\"https:\/\/grand-angle.lavenir.net\/gadenne\/nathan-duponcheel-ne-sest-jamais-remis-de-la-mort-de-son-pere\/\">\n    <figure class=\"effect-goliath\">\n      <img decoding=\"async\" class=\"alignnone\" src=\"https:\/\/grand-angle.lavenir.net\/gadenne\/wp-content\/uploads\/sites\/85\/2019\/09\/Montage01-copy.jpg\">\n      <figcaption>\n        <h2 data-fontsize=\"24\" data-lineheight=\"36\">Chapitre IV<\/h2>\n        <p>\n          Nathan Duponcheel ne s\u2019est jamais remis de la mort de son p\u00e8re\n        <\/p>\n      <\/figcaption>\n    <\/figure>\n  <\/a>\n<\/div><div class=\"fusion-clearfix\"><\/div><\/div><\/div><div class=\"fusion-layout-column fusion_builder_column fusion-builder-column-8 fusion_builder_column_1_2 1_2 fusion-one-half fusion-column-first\" style=\"--awb-bg-size:cover;width:50%;width:calc(50% - ( ( 4% ) * 0.5 ) );margin-right: 4%;\"><div class=\"fusion-column-wrapper fusion-flex-column-wrapper-legacy\"><div class=\"chapitre\">\n  <a href=\"https:\/\/grand-angle.lavenir.net\/gadenne\/%e2%80%89un-bourgmestre-comme-lui-on-nen-aura-plus%e2%80%89\/\">\n    <figure class=\"effect-goliath\">\n      <img decoding=\"async\" class=\"alignnone\" src=\"https:\/\/grand-angle.lavenir.net\/gadenne\/wp-content\/uploads\/sites\/85\/2019\/09\/chapemotions-copy-2-copy-copy1.jpg\">\n      <figcaption>\n        <h2 data-fontsize=\"24\" data-lineheight=\"36\">Chapitre V<\/h2>\n        <p>\n          \u00ab\u2009Un bourgmestre comme lui, on n\u2019en aura plus\u2009\u00bb\n        <\/p>\n      <\/figcaption>\n    <\/figure>\n  <\/a>\n<\/div><div class=\"fusion-clearfix\"><\/div><\/div><\/div><div class=\"fusion-layout-column fusion_builder_column fusion-builder-column-9 fusion_builder_column_1_2 1_2 fusion-one-half fusion-column-last\" style=\"--awb-bg-size:cover;width:50%;width:calc(50% - ( ( 4% ) * 0.5 ) );\"><div class=\"fusion-column-wrapper fusion-flex-column-wrapper-legacy\"><div class=\"chapitre\">\n  <a href=\"https:\/\/grand-angle.lavenir.net\/gadenne\/un-proces-unique-en-belgique\/\">\n    <figure class=\"effect-goliath\">\n      <img decoding=\"async\" class=\"alignnone\" src=\"https:\/\/grand-angle.lavenir.net\/gadenne\/wp-content\/uploads\/sites\/85\/2019\/09\/276131_201411151303151819375-copy-1.jpg\">\n      <figcaption>\n        <h2 data-fontsize=\"24\" data-lineheight=\"36\">Chapitre VI<\/h2>\n        <p>\n          Un proc\u00e8s unique en Belgique\n        <\/p>\n      <\/figcaption>\n    <\/figure>\n  <\/a>\n<\/div><div class=\"fusion-clearfix\"><\/div><\/div><\/div><\/div><\/div>\n<\/p>\n","protected":false},"excerpt":{"rendered":"","protected":false},"author":9,"featured_media":0,"parent":0,"menu_order":0,"comment_status":"closed","ping_status":"closed","template":"100-width.php","meta":{"footnotes":""},"class_list":["post-6","page","type-page","status-publish","hentry"],"yoast_head":"<!-- This site is optimized with the Yoast SEO plugin v27.1.1 - https:\/\/yoast.com\/product\/yoast-seo-wordpress\/ -->\n<title>Alfred Gadenne, assassin\u00e9 dans son cimeti\u00e8re<\/title>\n<meta name=\"description\" content=\"Le 11 septembre \u00e9tait d\u00e9j\u00e0 une date tristement connue dans l\u2019Histoire suite aux attentats du World Trade Center. En 2017, ce jour est devenu encore plus funeste pour la plupart des Mouscronnois. Mouscronnois qui ont perdu leur bourgmestre, Alfred Gadenne, dans des circonstances tragiques.\" \/>\n<meta name=\"robots\" content=\"index, follow, max-snippet:-1, max-image-preview:large, max-video-preview:-1\" \/>\n<link rel=\"canonical\" href=\"https:\/\/grand-angle.lavenir.net\/gadenne\/\" \/>\n<meta property=\"og:locale\" content=\"fr_FR\" \/>\n<meta property=\"og:type\" content=\"article\" \/>\n<meta property=\"og:title\" content=\"Alfred Gadenne, assassin\u00e9 dans son cimeti\u00e8re\" \/>\n<meta property=\"og:description\" content=\"Le 11 septembre \u00e9tait d\u00e9j\u00e0 une date tristement connue dans l\u2019Histoire suite aux attentats du World Trade Center. En 2017, ce jour est devenu encore plus funeste pour la plupart des Mouscronnois. Mouscronnois qui ont perdu leur bourgmestre, Alfred Gadenne, dans des circonstances tragiques.\" \/>\n<meta property=\"og:url\" content=\"https:\/\/grand-angle.lavenir.net\/gadenne\/\" \/>\n<meta property=\"og:site_name\" content=\"Alfred Gadenne, le bourgmestre assassin\u00e9 par vengeance\" \/>\n<meta property=\"article:modified_time\" content=\"2019-09-23T12:39:19+00:00\" \/>\n<meta name=\"twitter:card\" content=\"summary_large_image\" \/>\n<meta name=\"twitter:label1\" content=\"Dur\u00e9e de lecture est.\" \/>\n\t<meta name=\"twitter:data1\" content=\"7 minutes\" \/>\n<script type=\"application\/ld+json\" class=\"yoast-schema-graph\">{\"@context\":\"https:\/\/schema.org\",\"@graph\":[{\"@type\":\"WebPage\",\"@id\":\"https:\/\/grand-angle.lavenir.net\/gadenne\/\",\"url\":\"https:\/\/grand-angle.lavenir.net\/gadenne\/\",\"name\":\"Alfred Gadenne, assassin\u00e9 dans son cimeti\u00e8re\",\"isPartOf\":{\"@id\":\"https:\/\/grand-angle.lavenir.net\/gadenne\/#website\"},\"datePublished\":\"2018-01-24T14:53:51+00:00\",\"dateModified\":\"2019-09-23T12:39:19+00:00\",\"description\":\"Le 11 septembre \u00e9tait d\u00e9j\u00e0 une date tristement connue dans l\u2019Histoire suite aux attentats du World Trade Center. En 2017, ce jour est devenu encore plus funeste pour la plupart des Mouscronnois. Mouscronnois qui ont perdu leur bourgmestre, Alfred Gadenne, dans des circonstances tragiques.\",\"breadcrumb\":{\"@id\":\"https:\/\/grand-angle.lavenir.net\/gadenne\/#breadcrumb\"},\"inLanguage\":\"fr-BE\",\"potentialAction\":[{\"@type\":\"ReadAction\",\"target\":[\"https:\/\/grand-angle.lavenir.net\/gadenne\/\"]}]},{\"@type\":\"BreadcrumbList\",\"@id\":\"https:\/\/grand-angle.lavenir.net\/gadenne\/#breadcrumb\",\"itemListElement\":[{\"@type\":\"ListItem\",\"position\":1,\"name\":\"Home\",\"item\":\"https:\/\/grand-angle.lavenir.net\/gadenne\/\"},{\"@type\":\"ListItem\",\"position\":2,\"name\":\"Alfred Gadenne, assassin\u00e9 dans son cimeti\u00e8re\"}]},{\"@type\":\"WebSite\",\"@id\":\"https:\/\/grand-angle.lavenir.net\/gadenne\/#website\",\"url\":\"https:\/\/grand-angle.lavenir.net\/gadenne\/\",\"name\":\"Alfred Gadenne, le bourgmestre assassin\u00e9 par vengeance\",\"description\":\"Le bourgmestre assassin\u00e9 dans son cimeti\u00e8re\",\"potentialAction\":[{\"@type\":\"SearchAction\",\"target\":{\"@type\":\"EntryPoint\",\"urlTemplate\":\"https:\/\/grand-angle.lavenir.net\/gadenne\/?s={search_term_string}\"},\"query-input\":{\"@type\":\"PropertyValueSpecification\",\"valueRequired\":true,\"valueName\":\"search_term_string\"}}],\"inLanguage\":\"fr-BE\"}]}<\/script>\n<!-- \/ Yoast SEO plugin. -->","yoast_head_json":{"title":"Alfred Gadenne, assassin\u00e9 dans son cimeti\u00e8re","description":"Le 11 septembre \u00e9tait d\u00e9j\u00e0 une date tristement connue dans l\u2019Histoire suite aux attentats du World Trade Center. En 2017, ce jour est devenu encore plus funeste pour la plupart des Mouscronnois. Mouscronnois qui ont perdu leur bourgmestre, Alfred Gadenne, dans des circonstances tragiques.","robots":{"index":"index","follow":"follow","max-snippet":"max-snippet:-1","max-image-preview":"max-image-preview:large","max-video-preview":"max-video-preview:-1"},"canonical":"https:\/\/grand-angle.lavenir.net\/gadenne\/","og_locale":"fr_FR","og_type":"article","og_title":"Alfred Gadenne, assassin\u00e9 dans son cimeti\u00e8re","og_description":"Le 11 septembre \u00e9tait d\u00e9j\u00e0 une date tristement connue dans l\u2019Histoire suite aux attentats du World Trade Center. En 2017, ce jour est devenu encore plus funeste pour la plupart des Mouscronnois. Mouscronnois qui ont perdu leur bourgmestre, Alfred Gadenne, dans des circonstances tragiques.","og_url":"https:\/\/grand-angle.lavenir.net\/gadenne\/","og_site_name":"Alfred Gadenne, le bourgmestre assassin\u00e9 par vengeance","article_modified_time":"2019-09-23T12:39:19+00:00","twitter_card":"summary_large_image","twitter_misc":{"Dur\u00e9e de lecture est.":"7 minutes"},"schema":{"@context":"https:\/\/schema.org","@graph":[{"@type":"WebPage","@id":"https:\/\/grand-angle.lavenir.net\/gadenne\/","url":"https:\/\/grand-angle.lavenir.net\/gadenne\/","name":"Alfred Gadenne, assassin\u00e9 dans son cimeti\u00e8re","isPartOf":{"@id":"https:\/\/grand-angle.lavenir.net\/gadenne\/#website"},"datePublished":"2018-01-24T14:53:51+00:00","dateModified":"2019-09-23T12:39:19+00:00","description":"Le 11 septembre \u00e9tait d\u00e9j\u00e0 une date tristement connue dans l\u2019Histoire suite aux attentats du World Trade Center. En 2017, ce jour est devenu encore plus funeste pour la plupart des Mouscronnois. Mouscronnois qui ont perdu leur bourgmestre, Alfred Gadenne, dans des circonstances tragiques.","breadcrumb":{"@id":"https:\/\/grand-angle.lavenir.net\/gadenne\/#breadcrumb"},"inLanguage":"fr-BE","potentialAction":[{"@type":"ReadAction","target":["https:\/\/grand-angle.lavenir.net\/gadenne\/"]}]},{"@type":"BreadcrumbList","@id":"https:\/\/grand-angle.lavenir.net\/gadenne\/#breadcrumb","itemListElement":[{"@type":"ListItem","position":1,"name":"Home","item":"https:\/\/grand-angle.lavenir.net\/gadenne\/"},{"@type":"ListItem","position":2,"name":"Alfred Gadenne, assassin\u00e9 dans son cimeti\u00e8re"}]},{"@type":"WebSite","@id":"https:\/\/grand-angle.lavenir.net\/gadenne\/#website","url":"https:\/\/grand-angle.lavenir.net\/gadenne\/","name":"Alfred Gadenne, le bourgmestre assassin\u00e9 par vengeance","description":"Le bourgmestre assassin\u00e9 dans son cimeti\u00e8re","potentialAction":[{"@type":"SearchAction","target":{"@type":"EntryPoint","urlTemplate":"https:\/\/grand-angle.lavenir.net\/gadenne\/?s={search_term_string}"},"query-input":{"@type":"PropertyValueSpecification","valueRequired":true,"valueName":"search_term_string"}}],"inLanguage":"fr-BE"}]}},"_links":{"self":[{"href":"https:\/\/grand-angle.lavenir.net\/gadenne\/wp-json\/wp\/v2\/pages\/6","targetHints":{"allow":["GET"]}}],"collection":[{"href":"https:\/\/grand-angle.lavenir.net\/gadenne\/wp-json\/wp\/v2\/pages"}],"about":[{"href":"https:\/\/grand-angle.lavenir.net\/gadenne\/wp-json\/wp\/v2\/types\/page"}],"author":[{"embeddable":true,"href":"https:\/\/grand-angle.lavenir.net\/gadenne\/wp-json\/wp\/v2\/users\/9"}],"replies":[{"embeddable":true,"href":"https:\/\/grand-angle.lavenir.net\/gadenne\/wp-json\/wp\/v2\/comments?post=6"}],"version-history":[{"count":0,"href":"https:\/\/grand-angle.lavenir.net\/gadenne\/wp-json\/wp\/v2\/pages\/6\/revisions"}],"wp:attachment":[{"href":"https:\/\/grand-angle.lavenir.net\/gadenne\/wp-json\/wp\/v2\/media?parent=6"}],"curies":[{"name":"wp","href":"https:\/\/api.w.org\/{rel}","templated":true}]}}