{"id":646,"date":"2020-08-10T16:33:58","date_gmt":"2020-08-10T14:33:58","guid":{"rendered":"https:\/\/grand-angle.lavenir.net\/confinement-la-percee-du-numerique-a-l-ecole\/?page_id=646"},"modified":"2020-08-24T10:07:35","modified_gmt":"2020-08-24T08:07:35","slug":"partager-des-experiences-et-inspirer","status":"publish","type":"page","link":"https:\/\/grand-angle.lavenir.net\/confinement-la-percee-du-numerique-a-l-ecole\/partager-des-experiences-et-inspirer\/","title":{"rendered":"Partager des exp\u00e9riences et inspirer"},"content":{"rendered":"<p><div class=\"fusion-fullwidth fullwidth-box fusion-builder-row-1 fusion-flex-container nonhundred-percent-fullwidth non-hundred-percent-height-scrolling\" style=\"--awb-border-radius-top-left:0px;--awb-border-radius-top-right:0px;--awb-border-radius-bottom-right:0px;--awb-border-radius-bottom-left:0px;--awb-flex-wrap:wrap;\" ><div class=\"fusion-builder-row fusion-row fusion-flex-align-items-flex-start fusion-flex-content-wrap\" style=\"max-width:832px;margin-left: calc(-4% \/ 2 );margin-right: calc(-4% \/ 2 );\"><div class=\"fusion-layout-column fusion_builder_column fusion-builder-column-0 fusion_builder_column_1_1 1_1 fusion-flex-column\" style=\"--awb-bg-size:cover;--awb-width-large:100%;--awb-margin-top-large:0px;--awb-spacing-right-large:1.92%;--awb-margin-bottom-large:20px;--awb-spacing-left-large:1.92%;--awb-width-medium:100%;--awb-order-medium:0;--awb-spacing-right-medium:1.92%;--awb-spacing-left-medium:1.92%;--awb-width-small:100%;--awb-order-small:0;--awb-spacing-right-small:1.92%;--awb-spacing-left-small:1.92%;\"><div class=\"fusion-column-wrapper fusion-column-has-shadow fusion-flex-justify-content-flex-start fusion-content-layout-column\"><div class=\"fusion-text fusion-text-1\"><p style=\"text-align: justify;\">Fin mai, en observant comment certains enseignants \u00e9changent avec les \u00e9l\u00e8ves, une hypoth\u00e8se se dessine : le confinement a-t-il pouss\u00e9 l\u2019\u00e9cole \u00e0 exploiter les possibilit\u00e9s offertes par le num\u00e9rique? Les diff\u00e9rents techno-p\u00e9dagogues et conseillers que nous avons contact\u00e9 sont unanimes: oui, le confinement a boost\u00e9 l\u2019usage du num\u00e9rique \u00e0 l\u2019\u00e9cole. Un bon de 10 ans avancent m\u00eame certains, comme nous l\u2019\u00e9crivions dans <a href=\"https:\/\/www.lavenir.net\/cnt\/dmf20200626_01486497\/comment-le-confinement-a-permis-un-bond-de-10-ans-du-numerique-a-l-ecole\" target=\"_blank\" rel=\"noopener noreferrer\">notre premi\u00e8re s\u00e9rie d\u2019articles publi\u00e9s fin juin<\/a>.<\/p>\n<p style=\"text-align: justify;\">Nous avons alors souhait\u00e9 travailler \u00e0 deux niveaux: obtenir une vue la plus globale possible en sollicitant des experts, conseillers, acteurs de premier plan.<\/p>\n<p style=\"text-align: justify;\">Dans un deuxi\u00e8me temps, nous avons interrog\u00e9 des enseignants afin de mieux cerner la r\u00e9alit\u00e9 de terrain de la part de celles et de ceux qui ont tent\u00e9 l\u2019utilisation du num\u00e9rique durant le confinement.<\/p>\n<p style=\"text-align: justify;\">Ces t\u00e9moignages, nous les avons rassembl\u00e9s dans le dossier (nous appelons cela un grand-angle) que vous avez sous les yeux.<\/p>\n<p style=\"text-align: justify;\">Et si vous souhaitez aller plus loin ou d\u00e9couvrir vous-m\u00eame des outils utilis\u00e9s par les enseignants, jetez un oeil dans <a href=\"https:\/\/grand-angle.lavenir.net\/confinement-la-percee-du-numerique-a-l-ecole\/une-selections-doutils-numeriques\/\" target=\"_blank\" rel=\"noopener noreferrer\">notre chapitre \u201cOutils\u201d<\/a> qui comporte une s\u00e9lection de programmes accompagn\u00e9s d\u2019explications, de tutoriels\u2026<\/p>\n<p style=\"text-align: justify;\">Ce dossier a pour objectif de tenter de faire ressortir les forces et les limites de l\u2019usage du num\u00e9rique \u00e0 l\u2019\u00e9cole. Mais aussi d\u2019inspirer celles et ceux qui voudraient se lancer.<\/p>\n<\/div><\/div><\/div><\/div><\/div><div class=\"fusion-fullwidth fullwidth-box fusion-builder-row-2 fusion-flex-container nonhundred-percent-fullwidth non-hundred-percent-height-scrolling\" style=\"--awb-border-radius-top-left:0px;--awb-border-radius-top-right:0px;--awb-border-radius-bottom-right:0px;--awb-border-radius-bottom-left:0px;--awb-flex-wrap:wrap;\" ><div class=\"fusion-builder-row fusion-row fusion-flex-align-items-flex-start fusion-flex-content-wrap\" style=\"max-width:832px;margin-left: calc(-4% \/ 2 );margin-right: calc(-4% \/ 2 );\"><div class=\"fusion-layout-column fusion_builder_column fusion-builder-column-1 fusion_builder_column_1_1 1_1 fusion-flex-column\" style=\"--awb-bg-size:cover;--awb-width-large:100%;--awb-margin-top-large:0px;--awb-spacing-right-large:1.92%;--awb-margin-bottom-large:20px;--awb-spacing-left-large:1.92%;--awb-width-medium:100%;--awb-order-medium:0;--awb-spacing-right-medium:1.92%;--awb-spacing-left-medium:1.92%;--awb-width-small:100%;--awb-order-small:0;--awb-spacing-right-small:1.92%;--awb-spacing-left-small:1.92%;\"><div class=\"fusion-column-wrapper fusion-column-has-shadow fusion-flex-justify-content-flex-start fusion-content-layout-column\"><div class=\"fusion-modal modal fade modal-1 modal-numerique-enseignement\" tabindex=\"-1\" role=\"dialog\" aria-labelledby=\"modal-heading-1\" aria-hidden=\"true\" style=\"--awb-border-color:#ebebeb;--awb-background:#f6f6f6;\"><div class=\"modal-dialog modal-lg\" role=\"document\"><div class=\"modal-content fusion-modal-content\"><div class=\"modal-header\"><button class=\"close\" type=\"button\" data-dismiss=\"modal\" aria-hidden=\"true\" aria-label=\"Close\">&times;<\/button><h3 class=\"modal-title\" id=\"modal-heading-1\" data-dismiss=\"modal\" aria-hidden=\"true\"><\/h3><\/div><div class=\"modal-body fusion-clearfix\">\n<p>De la maternelle au secondaire, instituteurs et professeurs racontent comment elles et ils ont tent\u00e9 de nouvelles approches gr\u00e2ce \u00e0 l\u2019usage du num\u00e9rique durant le confinement.T\u00e2tonnements, mise en place, petites (ou grandes) victoires&#8230; D\u00e9couvrez leurs t\u00e9moignages au fil des jours.<\/p>\n<\/div><\/div><\/div><\/div><script src=\"https:\/\/www.lavenir.net\/extra\/content\/weblab\/lib\/jscookie.js\"><\/script>\n<script>\n    (function($){\n        $(document).ready(function() {\n            var thecookie = Cookies.get('numeriqueenseignementxp');\n            if(!thecookie){\n                setTimeout(function() {\n                    $('.modal-numerique-enseignement').modal('show');\n                }, 1000);\n                Cookies.set('numeriqueenseignementxp', 'true', { expires: 7 })\n            }else{\n                $('.modal-numerique-enseignement').modal('hide');\n            }\n        });\n    })(jQuery);\n\n<\/script><\/div><\/div><\/div><\/div><\/p>\n","protected":false},"excerpt":{"rendered":"","protected":false},"author":1,"featured_media":0,"parent":0,"menu_order":0,"comment_status":"closed","ping_status":"closed","template":"","meta":{"footnotes":""},"class_list":["post-646","page","type-page","status-publish","hentry"],"yoast_head":"<!-- This site is optimized with the Yoast SEO plugin v27.1.1 - https:\/\/yoast.com\/product\/yoast-seo-wordpress\/ -->\n<title>Partager des exp\u00e9riences et inspirer - Confinement: la perc\u00e9e du num\u00e9rique \u00e0 l\u2019\u00e9cole<\/title>\n<meta name=\"description\" content=\"Durant le confinement, des enseignants ont utilis\u00e9 des outils num\u00e9riques pour continuer \u00e0 donner cours et garder le contact avec leurs \u00e9l\u00e8ves. Voici pourquoi la r\u00e9daction de L\u2019Avenir.net a recueilli des t\u00e9moignages d\u2019experts et d\u2019enseignants.\" \/>\n<meta name=\"robots\" content=\"index, follow, max-snippet:-1, max-image-preview:large, max-video-preview:-1\" \/>\n<link rel=\"canonical\" href=\"https:\/\/grand-angle.lavenir.net\/confinement-la-percee-du-numerique-a-l-ecole\/partager-des-experiences-et-inspirer\/\" \/>\n<meta property=\"og:locale\" content=\"fr_FR\" \/>\n<meta property=\"og:type\" content=\"article\" \/>\n<meta property=\"og:title\" content=\"Perc\u00e9e du num\u00e9rique \u00e0 l\u2019\u00e9cole: partager des exp\u00e9rience et inspirer\" \/>\n<meta property=\"og:description\" content=\"Durant le confinement, des enseignants ont utilis\u00e9 des outils num\u00e9riques pour continuer \u00e0 donner cours et garder le contact avec leurs \u00e9l\u00e8ves. Voici pourquoi la r\u00e9daction de L\u2019Avenir.net a recueilli des t\u00e9moignages d\u2019experts et d\u2019enseignants.\" \/>\n<meta property=\"og:url\" content=\"https:\/\/grand-angle.lavenir.net\/confinement-la-percee-du-numerique-a-l-ecole\/partager-des-experiences-et-inspirer\/\" \/>\n<meta property=\"og:site_name\" content=\"Confinement: la perc\u00e9e du num\u00e9rique \u00e0 l\u2019\u00e9cole\" \/>\n<meta property=\"article:modified_time\" content=\"2020-08-24T08:07:35+00:00\" \/>\n<meta property=\"og:image\" content=\"https:\/\/grand-angle.lavenir.net\/confinement-la-percee-du-numerique-a-l-ecole\/wp-content\/uploads\/sites\/118\/2020\/08\/partge-en-savoir-plus.png\" \/>\n\t<meta property=\"og:image:width\" content=\"860\" \/>\n\t<meta property=\"og:image:height\" content=\"353\" \/>\n\t<meta property=\"og:image:type\" content=\"image\/png\" \/>\n<meta name=\"twitter:card\" content=\"summary_large_image\" \/>\n<meta name=\"twitter:title\" content=\"Perc\u00e9e du num\u00e9rique \u00e0 l\u2019\u00e9cole: partager des exp\u00e9rience et inspirer\" \/>\n<meta name=\"twitter:description\" content=\"Durant le confinement, des enseignants ont utilis\u00e9 des outils num\u00e9riques pour continuer \u00e0 donner cours et garder le contact avec leurs \u00e9l\u00e8ves. Voici pourquoi la r\u00e9daction de L\u2019Avenir.net a recueilli des t\u00e9moignages d\u2019experts et d\u2019enseignants.\" \/>\n<meta name=\"twitter:image\" content=\"https:\/\/grand-angle.lavenir.net\/confinement-la-percee-du-numerique-a-l-ecole\/wp-content\/uploads\/sites\/118\/2020\/08\/partge-en-savoir-plus.png\" \/>\n<meta name=\"twitter:label1\" content=\"Dur\u00e9e de lecture est.\" \/>\n\t<meta name=\"twitter:data1\" content=\"7 minutes\" \/>\n<script type=\"application\/ld+json\" class=\"yoast-schema-graph\">{\"@context\":\"https:\/\/schema.org\",\"@graph\":[{\"@type\":\"WebPage\",\"@id\":\"https:\/\/grand-angle.lavenir.net\/confinement-la-percee-du-numerique-a-l-ecole\/partager-des-experiences-et-inspirer\/\",\"url\":\"https:\/\/grand-angle.lavenir.net\/confinement-la-percee-du-numerique-a-l-ecole\/partager-des-experiences-et-inspirer\/\",\"name\":\"Partager des exp\u00e9riences et inspirer - Confinement: la perc\u00e9e du num\u00e9rique \u00e0 l\u2019\u00e9cole\",\"isPartOf\":{\"@id\":\"https:\/\/grand-angle.lavenir.net\/confinement-la-percee-du-numerique-a-l-ecole\/#website\"},\"datePublished\":\"2020-08-10T14:33:58+00:00\",\"dateModified\":\"2020-08-24T08:07:35+00:00\",\"description\":\"Durant le confinement, des enseignants ont utilis\u00e9 des outils num\u00e9riques pour continuer \u00e0 donner cours et garder le contact avec leurs \u00e9l\u00e8ves. Voici pourquoi la r\u00e9daction de L\u2019Avenir.net a recueilli des t\u00e9moignages d\u2019experts et d\u2019enseignants.\",\"breadcrumb\":{\"@id\":\"https:\/\/grand-angle.lavenir.net\/confinement-la-percee-du-numerique-a-l-ecole\/partager-des-experiences-et-inspirer\/#breadcrumb\"},\"inLanguage\":\"fr-BE\",\"potentialAction\":[{\"@type\":\"ReadAction\",\"target\":[\"https:\/\/grand-angle.lavenir.net\/confinement-la-percee-du-numerique-a-l-ecole\/partager-des-experiences-et-inspirer\/\"]}]},{\"@type\":\"BreadcrumbList\",\"@id\":\"https:\/\/grand-angle.lavenir.net\/confinement-la-percee-du-numerique-a-l-ecole\/partager-des-experiences-et-inspirer\/#breadcrumb\",\"itemListElement\":[{\"@type\":\"ListItem\",\"position\":1,\"name\":\"Home\",\"item\":\"https:\/\/grand-angle.lavenir.net\/confinement-la-percee-du-numerique-a-l-ecole\/\"},{\"@type\":\"ListItem\",\"position\":2,\"name\":\"Partager des exp\u00e9riences et inspirer\"}]},{\"@type\":\"WebSite\",\"@id\":\"https:\/\/grand-angle.lavenir.net\/confinement-la-percee-du-numerique-a-l-ecole\/#website\",\"url\":\"https:\/\/grand-angle.lavenir.net\/confinement-la-percee-du-numerique-a-l-ecole\/\",\"name\":\"Confinement: la perc\u00e9e du num\u00e9rique \u00e0 l\u2019\u00e9cole\",\"description\":\"\u00ab\u2009On a vu des patients Covid ressusciter\u2009\u00bb\",\"potentialAction\":[{\"@type\":\"SearchAction\",\"target\":{\"@type\":\"EntryPoint\",\"urlTemplate\":\"https:\/\/grand-angle.lavenir.net\/confinement-la-percee-du-numerique-a-l-ecole\/?s={search_term_string}\"},\"query-input\":{\"@type\":\"PropertyValueSpecification\",\"valueRequired\":true,\"valueName\":\"search_term_string\"}}],\"inLanguage\":\"fr-BE\"}]}<\/script>\n<!-- \/ Yoast SEO plugin. -->","yoast_head_json":{"title":"Partager des exp\u00e9riences et inspirer - Confinement: la perc\u00e9e du num\u00e9rique \u00e0 l\u2019\u00e9cole","description":"Durant le confinement, des enseignants ont utilis\u00e9 des outils num\u00e9riques pour continuer \u00e0 donner cours et garder le contact avec leurs \u00e9l\u00e8ves. Voici pourquoi la r\u00e9daction de L\u2019Avenir.net a recueilli des t\u00e9moignages d\u2019experts et d\u2019enseignants.","robots":{"index":"index","follow":"follow","max-snippet":"max-snippet:-1","max-image-preview":"max-image-preview:large","max-video-preview":"max-video-preview:-1"},"canonical":"https:\/\/grand-angle.lavenir.net\/confinement-la-percee-du-numerique-a-l-ecole\/partager-des-experiences-et-inspirer\/","og_locale":"fr_FR","og_type":"article","og_title":"Perc\u00e9e du num\u00e9rique \u00e0 l\u2019\u00e9cole: partager des exp\u00e9rience et inspirer","og_description":"Durant le confinement, des enseignants ont utilis\u00e9 des outils num\u00e9riques pour continuer \u00e0 donner cours et garder le contact avec leurs \u00e9l\u00e8ves. Voici pourquoi la r\u00e9daction de L\u2019Avenir.net a recueilli des t\u00e9moignages d\u2019experts et d\u2019enseignants.","og_url":"https:\/\/grand-angle.lavenir.net\/confinement-la-percee-du-numerique-a-l-ecole\/partager-des-experiences-et-inspirer\/","og_site_name":"Confinement: la perc\u00e9e du num\u00e9rique \u00e0 l\u2019\u00e9cole","article_modified_time":"2020-08-24T08:07:35+00:00","og_image":[{"width":860,"height":353,"url":"https:\/\/grand-angle.lavenir.net\/confinement-la-percee-du-numerique-a-l-ecole\/wp-content\/uploads\/sites\/118\/2020\/08\/partge-en-savoir-plus.png","type":"image\/png"}],"twitter_card":"summary_large_image","twitter_title":"Perc\u00e9e du num\u00e9rique \u00e0 l\u2019\u00e9cole: partager des exp\u00e9rience et inspirer","twitter_description":"Durant le confinement, des enseignants ont utilis\u00e9 des outils num\u00e9riques pour continuer \u00e0 donner cours et garder le contact avec leurs \u00e9l\u00e8ves. Voici pourquoi la r\u00e9daction de L\u2019Avenir.net a recueilli des t\u00e9moignages d\u2019experts et d\u2019enseignants.","twitter_image":"https:\/\/grand-angle.lavenir.net\/confinement-la-percee-du-numerique-a-l-ecole\/wp-content\/uploads\/sites\/118\/2020\/08\/partge-en-savoir-plus.png","twitter_misc":{"Dur\u00e9e de lecture est.":"7 minutes"},"schema":{"@context":"https:\/\/schema.org","@graph":[{"@type":"WebPage","@id":"https:\/\/grand-angle.lavenir.net\/confinement-la-percee-du-numerique-a-l-ecole\/partager-des-experiences-et-inspirer\/","url":"https:\/\/grand-angle.lavenir.net\/confinement-la-percee-du-numerique-a-l-ecole\/partager-des-experiences-et-inspirer\/","name":"Partager des exp\u00e9riences et inspirer - Confinement: la perc\u00e9e du num\u00e9rique \u00e0 l\u2019\u00e9cole","isPartOf":{"@id":"https:\/\/grand-angle.lavenir.net\/confinement-la-percee-du-numerique-a-l-ecole\/#website"},"datePublished":"2020-08-10T14:33:58+00:00","dateModified":"2020-08-24T08:07:35+00:00","description":"Durant le confinement, des enseignants ont utilis\u00e9 des outils num\u00e9riques pour continuer \u00e0 donner cours et garder le contact avec leurs \u00e9l\u00e8ves. Voici pourquoi la r\u00e9daction de L\u2019Avenir.net a recueilli des t\u00e9moignages d\u2019experts et d\u2019enseignants.","breadcrumb":{"@id":"https:\/\/grand-angle.lavenir.net\/confinement-la-percee-du-numerique-a-l-ecole\/partager-des-experiences-et-inspirer\/#breadcrumb"},"inLanguage":"fr-BE","potentialAction":[{"@type":"ReadAction","target":["https:\/\/grand-angle.lavenir.net\/confinement-la-percee-du-numerique-a-l-ecole\/partager-des-experiences-et-inspirer\/"]}]},{"@type":"BreadcrumbList","@id":"https:\/\/grand-angle.lavenir.net\/confinement-la-percee-du-numerique-a-l-ecole\/partager-des-experiences-et-inspirer\/#breadcrumb","itemListElement":[{"@type":"ListItem","position":1,"name":"Home","item":"https:\/\/grand-angle.lavenir.net\/confinement-la-percee-du-numerique-a-l-ecole\/"},{"@type":"ListItem","position":2,"name":"Partager des exp\u00e9riences et inspirer"}]},{"@type":"WebSite","@id":"https:\/\/grand-angle.lavenir.net\/confinement-la-percee-du-numerique-a-l-ecole\/#website","url":"https:\/\/grand-angle.lavenir.net\/confinement-la-percee-du-numerique-a-l-ecole\/","name":"Confinement: la perc\u00e9e du num\u00e9rique \u00e0 l\u2019\u00e9cole","description":"\u00ab\u2009On a vu des patients Covid ressusciter\u2009\u00bb","potentialAction":[{"@type":"SearchAction","target":{"@type":"EntryPoint","urlTemplate":"https:\/\/grand-angle.lavenir.net\/confinement-la-percee-du-numerique-a-l-ecole\/?s={search_term_string}"},"query-input":{"@type":"PropertyValueSpecification","valueRequired":true,"valueName":"search_term_string"}}],"inLanguage":"fr-BE"}]}},"_links":{"self":[{"href":"https:\/\/grand-angle.lavenir.net\/confinement-la-percee-du-numerique-a-l-ecole\/wp-json\/wp\/v2\/pages\/646","targetHints":{"allow":["GET"]}}],"collection":[{"href":"https:\/\/grand-angle.lavenir.net\/confinement-la-percee-du-numerique-a-l-ecole\/wp-json\/wp\/v2\/pages"}],"about":[{"href":"https:\/\/grand-angle.lavenir.net\/confinement-la-percee-du-numerique-a-l-ecole\/wp-json\/wp\/v2\/types\/page"}],"author":[{"embeddable":true,"href":"https:\/\/grand-angle.lavenir.net\/confinement-la-percee-du-numerique-a-l-ecole\/wp-json\/wp\/v2\/users\/1"}],"replies":[{"embeddable":true,"href":"https:\/\/grand-angle.lavenir.net\/confinement-la-percee-du-numerique-a-l-ecole\/wp-json\/wp\/v2\/comments?post=646"}],"version-history":[{"count":0,"href":"https:\/\/grand-angle.lavenir.net\/confinement-la-percee-du-numerique-a-l-ecole\/wp-json\/wp\/v2\/pages\/646\/revisions"}],"wp:attachment":[{"href":"https:\/\/grand-angle.lavenir.net\/confinement-la-percee-du-numerique-a-l-ecole\/wp-json\/wp\/v2\/media?parent=646"}],"curies":[{"name":"wp","href":"https:\/\/api.w.org\/{rel}","templated":true}]}}