{"id":38302,"date":"2026-04-21T11:10:45","date_gmt":"2026-04-21T09:10:45","guid":{"rendered":"https:\/\/grand-angle.lavenir.net\/agenda-wapi\/evenement\/theatre-353\/"},"modified":"2026-04-25T17:59:17","modified_gmt":"2026-04-25T15:59:17","slug":"theatre-353","status":"archived","type":"tribe_events","link":"https:\/\/grand-angle.lavenir.net\/agenda-wapi\/evenement\/theatre-353\/","title":{"rendered":"Th\u00e9\u00e2tre"},"content":{"rendered":"<p>\u00ab\u00a0Allez ! On danse !\u00a0\u00bb, pi\u00e8ce de Vivien Lheraux par la Troupe C\u00f4t\u00e9 Cour<br \/>10\u20ac, au profit du N_ des Anges, Les Mouettes (V) et Troupe C\u00f4t\u00e9 Cour (S) <br \/>\ud83d\udcde 0474 745 282 (V) &#8211; 0474 850 483 (S)<br \/>Infos : V\/S: 20h &#8211; D: 16h<\/p>\n","protected":false},"excerpt":{"rendered":"<p>\u00ab\u00a0Allez ! On danse !\u00a0\u00bb, pi\u00e8ce de Vivien Lheraux par la Troupe C\u00f4t\u00e9 Cour<br \/>10\u20ac, au profit du N_ des Anges, Les Mouettes (V) et Troupe C\u00f4t\u00e9 Cour (S) <br \/>Tel :0474 745 282 (V) &#8211; 0474 850 483 (S)<\/p>\n","protected":false},"author":27,"featured_media":0,"comment_status":"closed","ping_status":"closed","template":"","meta":{"_tribe_events_status":"","_tribe_events_status_reason":"","footnotes":""},"tags":[],"tribe_events_cat":[37],"class_list":["post-38302","tribe_events","type-tribe_events","status-archived","hentry","tribe_events_cat-spectacles-concerts-theatre-cinema","cat_spectacles-concerts-theatre-cinema"],"yoast_head":"<!-- This site is optimized with the Yoast SEO plugin v27.1.1 - https:\/\/yoast.com\/product\/yoast-seo-wordpress\/ -->\n<title>Th\u00e9\u00e2tre - Agenda Wallonie Picarde<\/title>\n<meta name=\"robots\" content=\"index, follow, max-snippet:-1, max-image-preview:large, max-video-preview:-1\" \/>\n<link rel=\"canonical\" href=\"https:\/\/grand-angle.lavenir.net\/agenda-wapi\/evenement\/theatre-353\/\" \/>\n<meta property=\"og:locale\" content=\"fr_FR\" \/>\n<meta property=\"og:type\" content=\"article\" \/>\n<meta property=\"og:title\" content=\"Th\u00e9\u00e2tre - Agenda Wallonie Picarde\" \/>\n<meta property=\"og:description\" content=\"&quot;Allez ! On danse !&quot;, pi\u00e8ce de Vivien Lheraux par la Troupe C\u00f4t\u00e9 Cour10\u20ac, au profit du N_ des Anges, Les Mouettes (V) et Troupe C\u00f4t\u00e9 Cour (S) Tel :0474 745 282 (V) - 0474 850 483 (S)\" \/>\n<meta property=\"og:url\" content=\"https:\/\/grand-angle.lavenir.net\/agenda-wapi\/evenement\/theatre-353\/\" \/>\n<meta property=\"og:site_name\" content=\"Agenda Wallonie Picarde\" \/>\n<meta property=\"article:modified_time\" content=\"2026-04-25T15:59:17+00:00\" \/>\n<meta name=\"twitter:card\" content=\"summary_large_image\" \/>\n<script type=\"application\/ld+json\" class=\"yoast-schema-graph\">{\"@context\":\"https:\/\/schema.org\",\"@graph\":[{\"@type\":\"WebPage\",\"@id\":\"https:\/\/grand-angle.lavenir.net\/agenda-wapi\/evenement\/theatre-353\/\",\"url\":\"https:\/\/grand-angle.lavenir.net\/agenda-wapi\/evenement\/theatre-353\/\",\"name\":\"Th\u00e9\u00e2tre - Agenda Wallonie Picarde\",\"isPartOf\":{\"@id\":\"https:\/\/grand-angle.lavenir.net\/agenda-wapi\/#website\"},\"datePublished\":\"2026-04-21T09:10:45+00:00\",\"dateModified\":\"2026-04-25T15:59:17+00:00\",\"breadcrumb\":{\"@id\":\"https:\/\/grand-angle.lavenir.net\/agenda-wapi\/evenement\/theatre-353\/#breadcrumb\"},\"inLanguage\":\"fr-FR\",\"potentialAction\":[{\"@type\":\"ReadAction\",\"target\":[\"https:\/\/grand-angle.lavenir.net\/agenda-wapi\/evenement\/theatre-353\/\"]}]},{\"@type\":\"BreadcrumbList\",\"@id\":\"https:\/\/grand-angle.lavenir.net\/agenda-wapi\/evenement\/theatre-353\/#breadcrumb\",\"itemListElement\":[{\"@type\":\"ListItem\",\"position\":1,\"name\":\"Accueil\"},{\"@type\":\"ListItem\",\"position\":2,\"name\":\"\u00c9v\u00e8nements\",\"item\":\"https:\/\/grand-angle.lavenir.net\/agenda-wapi\/evenements\/\"},{\"@type\":\"ListItem\",\"position\":3,\"name\":\"Th\u00e9\u00e2tre\"}]},{\"@type\":\"WebSite\",\"@id\":\"https:\/\/grand-angle.lavenir.net\/agenda-wapi\/#website\",\"url\":\"https:\/\/grand-angle.lavenir.net\/agenda-wapi\/\",\"name\":\"Agenda Wallonie Picarde\",\"description\":\"\",\"potentialAction\":[{\"@type\":\"SearchAction\",\"target\":{\"@type\":\"EntryPoint\",\"urlTemplate\":\"https:\/\/grand-angle.lavenir.net\/agenda-wapi\/?s={search_term_string}\"},\"query-input\":{\"@type\":\"PropertyValueSpecification\",\"valueRequired\":true,\"valueName\":\"search_term_string\"}}],\"inLanguage\":\"fr-FR\"}]}<\/script>\n<!-- \/ Yoast SEO plugin. -->","yoast_head_json":{"title":"Th\u00e9\u00e2tre - Agenda Wallonie Picarde","robots":{"index":"index","follow":"follow","max-snippet":"max-snippet:-1","max-image-preview":"max-image-preview:large","max-video-preview":"max-video-preview:-1"},"canonical":"https:\/\/grand-angle.lavenir.net\/agenda-wapi\/evenement\/theatre-353\/","og_locale":"fr_FR","og_type":"article","og_title":"Th\u00e9\u00e2tre - Agenda Wallonie Picarde","og_description":"\"Allez ! On danse !\", pi\u00e8ce de Vivien Lheraux par la Troupe C\u00f4t\u00e9 Cour10\u20ac, au profit du N_ des Anges, Les Mouettes (V) et Troupe C\u00f4t\u00e9 Cour (S) Tel :0474 745 282 (V) - 0474 850 483 (S)","og_url":"https:\/\/grand-angle.lavenir.net\/agenda-wapi\/evenement\/theatre-353\/","og_site_name":"Agenda Wallonie Picarde","article_modified_time":"2026-04-25T15:59:17+00:00","twitter_card":"summary_large_image","schema":{"@context":"https:\/\/schema.org","@graph":[{"@type":"WebPage","@id":"https:\/\/grand-angle.lavenir.net\/agenda-wapi\/evenement\/theatre-353\/","url":"https:\/\/grand-angle.lavenir.net\/agenda-wapi\/evenement\/theatre-353\/","name":"Th\u00e9\u00e2tre - Agenda Wallonie Picarde","isPartOf":{"@id":"https:\/\/grand-angle.lavenir.net\/agenda-wapi\/#website"},"datePublished":"2026-04-21T09:10:45+00:00","dateModified":"2026-04-25T15:59:17+00:00","breadcrumb":{"@id":"https:\/\/grand-angle.lavenir.net\/agenda-wapi\/evenement\/theatre-353\/#breadcrumb"},"inLanguage":"fr-FR","potentialAction":[{"@type":"ReadAction","target":["https:\/\/grand-angle.lavenir.net\/agenda-wapi\/evenement\/theatre-353\/"]}]},{"@type":"BreadcrumbList","@id":"https:\/\/grand-angle.lavenir.net\/agenda-wapi\/evenement\/theatre-353\/#breadcrumb","itemListElement":[{"@type":"ListItem","position":1,"name":"Accueil"},{"@type":"ListItem","position":2,"name":"\u00c9v\u00e8nements","item":"https:\/\/grand-angle.lavenir.net\/agenda-wapi\/evenements\/"},{"@type":"ListItem","position":3,"name":"Th\u00e9\u00e2tre"}]},{"@type":"WebSite","@id":"https:\/\/grand-angle.lavenir.net\/agenda-wapi\/#website","url":"https:\/\/grand-angle.lavenir.net\/agenda-wapi\/","name":"Agenda Wallonie Picarde","description":"","potentialAction":[{"@type":"SearchAction","target":{"@type":"EntryPoint","urlTemplate":"https:\/\/grand-angle.lavenir.net\/agenda-wapi\/?s={search_term_string}"},"query-input":{"@type":"PropertyValueSpecification","valueRequired":true,"valueName":"search_term_string"}}],"inLanguage":"fr-FR"}]}},"_links":{"self":[{"href":"https:\/\/grand-angle.lavenir.net\/agenda-wapi\/wp-json\/wp\/v2\/tribe_events\/38302","targetHints":{"allow":["GET"]}}],"collection":[{"href":"https:\/\/grand-angle.lavenir.net\/agenda-wapi\/wp-json\/wp\/v2\/tribe_events"}],"about":[{"href":"https:\/\/grand-angle.lavenir.net\/agenda-wapi\/wp-json\/wp\/v2\/types\/tribe_events"}],"author":[{"embeddable":true,"href":"https:\/\/grand-angle.lavenir.net\/agenda-wapi\/wp-json\/wp\/v2\/users\/27"}],"replies":[{"embeddable":true,"href":"https:\/\/grand-angle.lavenir.net\/agenda-wapi\/wp-json\/wp\/v2\/comments?post=38302"}],"version-history":[{"count":0,"href":"https:\/\/grand-angle.lavenir.net\/agenda-wapi\/wp-json\/wp\/v2\/tribe_events\/38302\/revisions"}],"wp:attachment":[{"href":"https:\/\/grand-angle.lavenir.net\/agenda-wapi\/wp-json\/wp\/v2\/media?parent=38302"}],"wp:term":[{"taxonomy":"post_tag","embeddable":true,"href":"https:\/\/grand-angle.lavenir.net\/agenda-wapi\/wp-json\/wp\/v2\/tags?post=38302"},{"taxonomy":"tribe_events_cat","embeddable":true,"href":"https:\/\/grand-angle.lavenir.net\/agenda-wapi\/wp-json\/wp\/v2\/tribe_events_cat?post=38302"}],"curies":[{"name":"wp","href":"https:\/\/api.w.org\/{rel}","templated":true}]}}

Théâtre

<p>« Allez ! On danse ! », pièce de Vivien Lheraux par la Troupe Côté Cour<br />10€, au profit du N_ des Anges, Les Mouettes (V) et Troupe Côté Cour (S) <br />📞 0474 745 282 (V) &#8211; 0474 850 483 (S)<br />Infos : V/S: 20h &#8211; D: 16h</p>

<p>« Allez ! On danse ! », pièce de Vivien Lheraux par la Troupe Côté Cour<br />10€, au profit du N_ des Anges, Les Mouettes (V) et Troupe Côté Cour (S) <br />Tel :0474 745 282 (V) &#8211; 0474 850 483 (S)</p>

<!-- This site is optimized with the Yoast SEO plugin v27.1.1 - https://yoast.com/product/yoast-seo-wordpress/ -->
<title>Théâtre - Agenda Wallonie Picarde</title>
<meta name="robots" content="index, follow, max-snippet:-1, max-image-preview:large, max-video-preview:-1" />
<link rel="canonical" href="https://grand-angle.lavenir.net/agenda-wapi/evenement/theatre-353/" />
<meta property="og:locale" content="fr_FR" />
<meta property="og:type" content="article" />
<meta property="og:title" content="Théâtre - Agenda Wallonie Picarde" />
<meta property="og:description" content="&quot;Allez ! On danse !&quot;, pièce de Vivien Lheraux par la Troupe Côté Cour10€, au profit du N_ des Anges, Les Mouettes (V) et Troupe Côté Cour (S) Tel :0474 745 282 (V) - 0474 850 483 (S)" />
<meta property="og:url" content="https://grand-angle.lavenir.net/agenda-wapi/evenement/theatre-353/" />
<meta property="og:site_name" content="Agenda Wallonie Picarde" />
<meta property="article:modified_time" content="2026-04-25T15:59:17+00:00" />
<meta name="twitter:card" content="summary_large_image" />
<script type="application/ld+json" class="yoast-schema-graph">{"@context":"https://schema.org","@graph":[{"@type":"WebPage","@id":"https://grand-angle.lavenir.net/agenda-wapi/evenement/theatre-353/","url":"https://grand-angle.lavenir.net/agenda-wapi/evenement/theatre-353/","name":"Théâtre - Agenda Wallonie Picarde","isPartOf":{"@id":"https://grand-angle.lavenir.net/agenda-wapi/#website"},"datePublished":"2026-04-21T09:10:45+00:00","dateModified":"2026-04-25T15:59:17+00:00","breadcrumb":{"@id":"https://grand-angle.lavenir.net/agenda-wapi/evenement/theatre-353/#breadcrumb"},"inLanguage":"fr-FR","potentialAction":[{"@type":"ReadAction","target":["https://grand-angle.lavenir.net/agenda-wapi/evenement/theatre-353/"]}]},{"@type":"BreadcrumbList","@id":"https://grand-angle.lavenir.net/agenda-wapi/evenement/theatre-353/#breadcrumb","itemListElement":[{"@type":"ListItem","position":1,"name":"Accueil"},{"@type":"ListItem","position":2,"name":"Évènements","item":"https://grand-angle.lavenir.net/agenda-wapi/evenements/"},{"@type":"ListItem","position":3,"name":"Théâtre"}]},{"@type":"WebSite","@id":"https://grand-angle.lavenir.net/agenda-wapi/#website","url":"https://grand-angle.lavenir.net/agenda-wapi/","name":"Agenda Wallonie Picarde","description":"","potentialAction":[{"@type":"SearchAction","target":{"@type":"EntryPoint","urlTemplate":"https://grand-angle.lavenir.net/agenda-wapi/?s={search_term_string}"},"query-input":{"@type":"PropertyValueSpecification","valueRequired":true,"valueName":"search_term_string"}}],"inLanguage":"fr-FR"}]}</script>
<!-- / Yoast SEO plugin. -->

Théâtre - Agenda Wallonie Picarde

"Allez ! On danse !", pièce de Vivien Lheraux par la Troupe Côté Cour10€, au profit du N_ des Anges, Les Mouettes (V) et Troupe Côté Cour (S) Tel :0474 745 282 (V) - 0474 850 483 (S)

Évènements
